000
CDUS43 KLOT 260633
CLILOT


CLIMATE REPORT
NATIONAL WEATHER SERVICE CHICAGO IL
132 AM CDT THU APR 26 2018


...................................

...THE ROMEOVILLE  WFO CLIMATE SUMMARY FOR APRIL 25 2018...

CLIMATE NORMAL PERIOD 1981 TO 2010
CLIMATE RECORD PERIOD 1992 TO 2018


WEATHER ITEM   OBSERVED RECORD YEAR NORMAL DEPARTURE LAST
                VALUE   VALUE       VALUE  FROM      YEAR
                                           NORMAL
...........................................................
TEMPERATURE (F)
 YESTERDAY
  MAXIMUM         58     86    1994  65     -7       78
  MINIMUM         36     34    2005  43     -7       55
  AVERAGE         47                 54     -7       67

PRECIPITATION (IN)
  YESTERDAY        0.00   2.82 2007   0.14  -0.14     0.00
  MONTH TO DATE    2.12               3.16  -1.04     2.75
  SINCE MAR 1      4.21               5.93  -1.72     7.67
  SINCE JAN 1     10.99               9.64   1.35    13.38

SNOWFALL (IN)
  YESTERDAY        0.0    0.0  2011   0.0    0.0      0.0
                               2010
                               2009
  MONTH TO DATE    4.2                0.5    3.7       T
  SINCE MAR 1      6.1                4.9    1.2      4.9
  SINCE JUL 1     37.7               32.3    5.4     24.3
  SNOW DEPTH       0

DEGREE DAYS
 HEATING
  YESTERDAY       18                 12      6
  MONTH TO DATE  626                397    229
  SINCE MAR 1   1499               1214    285
  SINCE JUL 1   6181               5942    239

 COOLING
  YESTERDAY        0                  0      0
  MONTH TO DATE    0                  0      0
  SINCE MAR 1      0                  0      0
  SINCE JAN 1      0                  0      0
...........................................................







THE ROMEOVILLE  WFO CLIMATE NORMALS FOR TODAY
                         NORMAL    RECORD    YEAR
 MAXIMUM TEMPERATURE (F)   65        89      1994
 MINIMUM TEMPERATURE (F)   43        33      2012


SUNRISE AND SUNSET
APRIL 26 2018.........SUNRISE   556 AM CDT   SUNSET   745 PM CDT
APRIL 27 2018.........SUNRISE   555 AM CDT   SUNSET   746 PM CDT


-  INDICATES NEGATIVE NUMBERS.
R  INDICATES RECORD WAS SET OR TIED.
MM INDICATES DATA IS MISSING.
T  INDICATES TRACE AMOUNT.




$$
