776
CDUS45 KTFX 260837
CLILWT


CLIMATE REPORT
NATIONAL WEATHER SERVICE GREAT FALLS MT
235 AM MDT SAT MAY 26 2018


...................................

...THE LEWISTOWN MT CLIMATE SUMMARY FOR MAY 25 2018...

CLIMATE NORMAL PERIOD 1981 TO 2010
CLIMATE RECORD PERIOD 1896 TO 2018


WEATHER ITEM   OBSERVED TIME   RECORD YEAR NORMAL DEPARTURE LAST
                VALUE   (LST)  VALUE       VALUE  FROM      YEAR
                                                  NORMAL
..................................................................
TEMPERATURE (F)
 YESTERDAY
  MAXIMUM         77    451 PM  92    1928  65     12       53
  MINIMUM         50    339 AM  26    2004  40     10       40
  AVERAGE         64                        53     11       47

PRECIPITATION (IN)
  YESTERDAY        0.00          1.67 1980   0.11  -0.11     0.13
  MONTH TO DATE    3.18                      2.17   1.01     1.66
  SINCE OCT 1      9.65                      8.08   1.57    10.18
  SINCE JAN 1      7.65                      5.58   2.07     5.78

SNOWFALL (IN)
  YESTERDAY       MM
  SNOW DEPTH       0

DEGREE DAYS
 HEATING
  YESTERDAY        1                        12    -11       18
  MONTH TO DATE  283                       397   -114      350
  SINCE MAR 1   2190                      2100     90     1911
  SINCE JUL 1   8316                      7904    412     7722

 COOLING
  YESTERDAY        0                         0      0        0
  MONTH TO DATE    0                         0      0        0
  SINCE MAR 1      0                         0      0        0
  SINCE JAN 1      0                         0      0        0
..................................................................


WIND (MPH)
  HIGHEST WIND SPEED    14   HIGHEST WIND DIRECTION     W (270)
  HIGHEST GUST SPEED    18   HIGHEST GUST DIRECTION     W (270)
  AVERAGE WIND SPEED     6.1


SKY COVER
  AVERAGE SKY COVER 0.0


WEATHER CONDITIONS
 THE FOLLOWING WEATHER WAS RECORDED YESTERDAY.
  NO SIGNIFICANT WEATHER WAS OBSERVED.


RELATIVE HUMIDITY (PERCENT)
 HIGHEST    77          1200 AM
 LOWEST     33           200 PM
 AVERAGE    55

..........................................................


THE LEWISTOWN MT CLIMATE NORMALS FOR TODAY
                         NORMAL    RECORD    YEAR
 MAXIMUM TEMPERATURE (F)   65        90      1936
 MINIMUM TEMPERATURE (F)   41        26      1975


SUNRISE AND SUNSET
MAY 26 2018...........SUNRISE   531 AM MDT   SUNSET   900 PM MDT
MAY 27 2018...........SUNRISE   530 AM MDT   SUNSET   901 PM MDT


-  INDICATES NEGATIVE NUMBERS.
R  INDICATES RECORD WAS SET OR TIED.
MM INDICATES DATA IS MISSING.
T  INDICATES TRACE AMOUNT.




$$
