000
CDUS41 KRNK 260819
CLILYH


CLIMATE REPORT
NATIONAL WEATHER SERVICE BLACKSBURG VA
418 AM EDT SAT MAY 26 2018


...................................

...THE LYNCHBURG VA CLIMATE SUMMARY FOR MAY 25 2018...

CLIMATE NORMAL PERIOD 1981 TO 2010
CLIMATE RECORD PERIOD 1893 TO 2018


WEATHER ITEM   OBSERVED TIME   RECORD YEAR NORMAL DEPARTURE LAST
                VALUE   (LST)  VALUE       VALUE  FROM      YEAR
                                                  NORMAL
..................................................................
TEMPERATURE (F)
 YESTERDAY
  MAXIMUM         83    436 PM  93    1936  77      6       73
  MINIMUM         57    502 AM  36    2013  54      3       58
  AVERAGE         70                        66      4       66

PRECIPITATION (IN)
  YESTERDAY        0.00          0.77 1909   0.13  -0.13     0.41
  MONTH TO DATE    5.97                      2.93   3.04     7.52
  SINCE MAR 1     13.84                      9.82   4.02    14.36
  SINCE JAN 1     22.50                     15.89   6.61    18.74

SNOWFALL (IN)
  YESTERDAY        0.0                                       0.0
  MONTH TO DATE    0.0                                       0.0
  SINCE MAR 1      8.2                                        T
  SINCE JUL 1     13.9                                       5.9
  SNOW DEPTH       0

DEGREE DAYS
 HEATING
  YESTERDAY        0                         3     -3        0
  MONTH TO DATE   10                       110   -100       94
  SINCE MAR 1   1091                      1009     82      793
  SINCE JUL 1   4319                      4433   -114     3502

 COOLING
  YESTERDAY        5                         3      2        1
  MONTH TO DATE  135                        43     92       52
  SINCE MAR 1    146                        61     85      104
  SINCE JAN 1    146                        61     85      105
..................................................................


WIND (MPH)
  HIGHEST WIND SPEED    15   HIGHEST WIND DIRECTION     S (190)
  HIGHEST GUST SPEED    20   HIGHEST GUST DIRECTION     S (190)
  AVERAGE WIND SPEED     5.7


SKY COVER
  AVERAGE SKY COVER 0.2


WEATHER CONDITIONS
 THE FOLLOWING WEATHER WAS RECORDED YESTERDAY.
  NO SIGNIFICANT WEATHER WAS OBSERVED.


RELATIVE HUMIDITY (PERCENT)
 HIGHEST    93           300 AM
 LOWEST     55           400 PM
 AVERAGE    74

..........................................................


THE LYNCHBURG VA CLIMATE NORMALS FOR TODAY
                         NORMAL    RECORD    YEAR
 MAXIMUM TEMPERATURE (F)   78        93      1933
 MINIMUM TEMPERATURE (F)   54        38      1988


SUNRISE AND SUNSET
MAY 26 2018...........SUNRISE   600 AM EDT   SUNSET   828 PM EDT
MAY 27 2018...........SUNRISE   600 AM EDT   SUNSET   828 PM EDT


-  INDICATES NEGATIVE NUMBERS.
R  INDICATES RECORD WAS SET OR TIED.
MM INDICATES DATA IS MISSING.
T  INDICATES TRACE AMOUNT.




$$
