000
CDUS46 KHNX 260042
CLIMAE


CLIMATE REPORT
NATIONAL WEATHER SERVICE SAN JOAQUIN VALLEY, CA
525 PM PDT FRI MAY 25 2018


...................................

...THE MADERA CA CLIMATE SUMMARY FOR MAY 25 2018...
VALID AS OF 0400 PM LOCAL TIME.

CLIMATE NORMAL PERIOD 1981 TO 2010
CLIMATE RECORD PERIOD 1998 TO 2018


WEATHER ITEM   OBSERVED TIME   RECORD YEAR NORMAL DEPARTURE LAST
                VALUE   (LST)  VALUE       VALUE  FROM      YEAR
                                                  NORMAL
..................................................................
TEMPERATURE (F)
 TODAY
  MAXIMUM         72    233 PM  99    2001  86    -14       80
  MINIMUM         58    646 AM  46    2010  53      5       53
  AVERAGE         65                        69     -4       67

PRECIPITATION (IN)
  TODAY            T             0.16 2008   0.01  -0.01     0.00
  MONTH TO DATE    T                         0.45  -0.45      T
  SINCE OCT 1      7.22                     11.51  -4.29    14.17
  SINCE JAN 1      6.81                      7.78  -0.97    10.10

SNOWFALL (IN)
  TODAY            0.0
  MONTH TO DATE    0.0
  SINCE MAR 1      0.0
  SINCE JUL 1      0.0
  SNOW DEPTH       0

DEGREE DAYS
 HEATING
  TODAY            0                                         0
  MONTH TO DATE    6                                        24
  SINCE MAR 1    436                                       388
  SINCE JUL 1   2133                                      2067

 COOLING
  TODAY            0                                         2
  MONTH TO DATE   72                                       139
  SINCE MAR 1    102                                       152
  SINCE JAN 1    102                                       152
..................................................................


WIND (MPH)
  HIGHEST WIND SPEED    14   HIGHEST WIND DIRECTION    NW (330)
  HIGHEST GUST SPEED    16   HIGHEST GUST DIRECTION    NW (320)
  AVERAGE WIND SPEED     7.3




RELATIVE HUMIDITY (PERCENT)
 HIGHEST    80
 LOWEST     44
 AVERAGE    62

..........................................................


THE MADERA CA CLIMATE NORMALS FOR TOMORROW
                         NORMAL    RECORD    YEAR
 MAXIMUM TEMPERATURE (F)   86        96      2014
                                             2005
 MINIMUM TEMPERATURE (F)   53        46      2011


SUNRISE AND SUNSET
MAY 25 2018...........SUNRISE   546 AM PDT   SUNSET   810 PM PDT
MAY 26 2018...........SUNRISE   545 AM PDT   SUNSET   810 PM PDT


-  INDICATES NEGATIVE NUMBERS.
R  INDICATES RECORD WAS SET OR TIED.
MM INDICATES DATA IS MISSING.
T  INDICATES TRACE AMOUNT.




$$
