159
CDUS44 KMAF 260732
CLIMAF


CLIMATE REPORT
NATIONAL WEATHER SERVICE MIDLAND TX
231 AM CDT THU APR 26 2018


...................................

...THE MIDLAND CLIMATE SUMMARY FOR APRIL 25 2018...

CLIMATE NORMAL PERIOD 1981 TO 2010
CLIMATE RECORD PERIOD 1930 TO 2018


WEATHER ITEM   OBSERVED TIME   RECORD YEAR NORMAL DEPARTURE LAST
                VALUE   (LST)  VALUE       VALUE  FROM      YEAR
                                                  NORMAL
..................................................................
TEMPERATURE (F)
 YESTERDAY
  MAXIMUM         69    104 AM 104    2012  82    -13       94
  MINIMUM         46   1023 AM  39    1937  53     -7       64
  AVERAGE         58                        67     -9       79

PRECIPITATION (IN)
  YESTERDAY        T             0.85 1941   0.02  -0.02     0.00
  MONTH TO DATE    T                         0.53  -0.53     2.48
  SINCE MAR 1      0.11                      1.13  -1.02     2.96
  SINCE JAN 1      0.16                      2.40  -2.24     4.80

SNOWFALL (IN)
  YESTERDAY        0.0
  MONTH TO DATE    0.0
  SINCE MAR 1      0.0
  SINCE JUL 1      T
  SNOW DEPTH       0

DEGREE DAYS
 HEATING
  YESTERDAY        7                         2      5        0
  MONTH TO DATE   71                       103    -32       46
  SINCE MAR 1    220                       410   -190      162
  SINCE JUL 1   2151                      2647   -496     1662

 COOLING
  YESTERDAY        0                         4     -4       14
  MONTH TO DATE   70                        65      5      128
  SINCE MAR 1    138                        81     57      236
  SINCE JAN 1    145                        83     62      253
..................................................................


WIND (MPH)
  HIGHEST WIND SPEED    30   HIGHEST WIND DIRECTION    NE (30)
  HIGHEST GUST SPEED    37   HIGHEST GUST DIRECTION    NE (30)
  AVERAGE WIND SPEED    15.6


SKY COVER
  POSSIBLE SUNSHINE  MM
  AVERAGE SKY COVER 0.7


WEATHER CONDITIONS
 THE FOLLOWING WEATHER WAS RECORDED YESTERDAY.
  HAZE


RELATIVE HUMIDITY (PERCENT)
 HIGHEST    86          1000 AM
 LOWEST     43           500 PM
 AVERAGE    65

..........................................................


THE MIDLAND CLIMATE NORMALS FOR TODAY
                         NORMAL    RECORD    YEAR
 MAXIMUM TEMPERATURE (F)   82        97      1959
                                             1943
 MINIMUM TEMPERATURE (F)   53        37      1946


SUNRISE AND SUNSET
APRIL 26 2018.........SUNRISE   708 AM CDT   SUNSET   826 PM CDT
APRIL 27 2018.........SUNRISE   707 AM CDT   SUNSET   826 PM CDT


-  INDICATES NEGATIVE NUMBERS.
R  INDICATES RECORD WAS SET OR TIED.
MM INDICATES DATA IS MISSING.
T  INDICATES TRACE AMOUNT.




$$
