000
CDUS42 KTAE 260633
CLIMAI


CLIMATE REPORT
NATIONAL WEATHER SERVICE TALLAHASSEE FL
231 AM EDT SAT MAY 26 2018

...................................

...THE MARIANNA CLIMATE SUMMARY FOR MAY 25 2018...

CLIMATE NORMAL PERIOD 1981 TO 2010
CLIMATE RECORD PERIOD 1950 TO 2018


WEATHER ITEM   OBSERVED NORMAL DEPARTURE LAST
                VALUE   VALUE  FROM      YEAR
                               NORMAL
...............................................
TEMPERATURE (F)
 YESTERDAY
  MAXIMUM         91     88      3       81
  MINIMUM         71     66      5       57
  AVERAGE         81     77      4       69

PRECIPITATION (IN)
  YESTERDAY        T      0.12  -0.12     0.00
  MONTH TO DATE    1.02   2.17  -1.15     3.93
  SINCE MAR 1      7.27  11.42  -4.15     8.05
  SINCE JAN 1     21.41  21.40   0.01    18.45

DEGREE DAYS
 HEATING
  YESTERDAY        0             0
  MONTH TO DATE    0             0
  SINCE MAR 1    226           -15
  SINCE JUL 1   1365          -281

 COOLING
  YESTERDAY       16             4
  MONTH TO DATE  313            79
  SINCE MAR 1    435            58
  SINCE JAN 1    543           151
...............................................


WIND (MPH)
  HIGHEST WIND SPEED    17   HIGHEST WIND DIRECTION    SW (230)
  HIGHEST GUST SPEED    19   HIGHEST GUST DIRECTION    SW (230)
  AVERAGE WIND SPEED     3.4




RELATIVE HUMIDITY (PERCENT)
 HIGHEST    93
 LOWEST     44
 AVERAGE    69

..........................................................




SUNRISE AND SUNSET
MAY 26 2018...........SUNRISE   540 AM CDT   SUNSET   736 PM CDT
MAY 27 2018...........SUNRISE   540 AM CDT   SUNSET   736 PM CDT


-  INDICATES NEGATIVE NUMBERS.
R  INDICATES RECORD WAS SET OR TIED.
MM INDICATES DATA IS MISSING.
T  INDICATES TRACE AMOUNT.

$$
