000
CDUS43 KABR 270703
CLIMBG


CLIMATE REPORT
NATIONAL WEATHER SERVICE ABERDEEN SD
203 AM CDT FRI APR 27 2018


...................................

...THE MOBRIDGE SD CLIMATE SUMMARY FOR APRIL 26 2018...

CLIMATE NORMAL PERIOD 1981 TO 2010
CLIMATE RECORD PERIOD 1911 TO 2018


WEATHER ITEM   OBSERVED TIME   RECORD YEAR NORMAL DEPARTURE LAST
                VALUE   (LST)  VALUE       VALUE  FROM      YEAR
                                                  NORMAL
..................................................................
TEMPERATURE (F)
 YESTERDAY
  MAXIMUM         68    520 PM  89    1952  63      5       49
  MINIMUM         38    558 AM  20    1950  36      2       30
  AVERAGE         53                        50      3       40

PRECIPITATION (IN)
  YESTERDAY        0.00          1.63 1915   0.08  -0.08     0.00
  MONTH TO DATE    1.91                      1.22   0.69     0.48
  SINCE MAR 1      2.85                      2.12   0.73     1.10
  SINCE JAN 1      3.86                      2.85   1.01     1.86

SNOWFALL (IN)
  YESTERDAY        0.0
  MONTH TO DATE    9.8
  SINCE OCT 1     49.4
  SINCE JUL 1     49.4
  SNOW DEPTH       0

DEGREE DAYS
 HEATING
  YESTERDAY       12                        15     -3       25
  MONTH TO DATE  778                       535    243      443
  SINCE MAR 1   1881                      1562    319     1378
  SINCE JUL 1   7751                      7537    214     6815

 COOLING
  YESTERDAY        0                         0      0        0
  MONTH TO DATE    0                         0      0        0
  SINCE MAR 1      0                         0      0        0
  SINCE JAN 1      0                         0      0        0
..................................................................


WIND (MPH)
  HIGHEST WIND SPEED    26   HIGHEST WIND DIRECTION     N (10)
  HIGHEST GUST SPEED    35   HIGHEST GUST DIRECTION     N (10)
  AVERAGE WIND SPEED    10.9


SKY COVER
  POSSIBLE SUNSHINE  MM
  AVERAGE SKY COVER 0.0


WEATHER CONDITIONS
 THE FOLLOWING WEATHER WAS RECORDED YESTERDAY.
  NO SIGNIFICANT WEATHER WAS OBSERVED.


RELATIVE HUMIDITY (PERCENT)
 HIGHEST    70           600 AM
 LOWEST     22           300 PM
 AVERAGE    46

..........................................................


THE MOBRIDGE SD CLIMATE NORMALS FOR TODAY
                         NORMAL    RECORD    YEAR
 MAXIMUM TEMPERATURE (F)   63        94      1952
 MINIMUM TEMPERATURE (F)   37        19      1950


SUNRISE AND SUNSET
APRIL 27 2018.........SUNRISE   636 AM CDT   SUNSET   844 PM CDT
APRIL 28 2018.........SUNRISE   634 AM CDT   SUNSET   845 PM CDT


-  INDICATES NEGATIVE NUMBERS.
R  INDICATES RECORD WAS SET OR TIED.
MM INDICATES DATA IS MISSING.
T  INDICATES TRACE AMOUNT.




$$
