000
CDUS43 KDTX 220541
CLIMBS


CLIMATE REPORT
NATIONAL WEATHER SERVICE DETROIT/PONTIAC MI
141 AM EDT SUN APR 22 2018


...................................

...THE TRI CITIES MI CLIMATE SUMMARY FOR APRIL 21 2018...

CLIMATE NORMAL PERIOD 1981 TO 2010
CLIMATE RECORD PERIOD 1898 TO 2018


WEATHER ITEM   OBSERVED TIME   NORMAL DEPARTURE LAST
                VALUE   (LST)  VALUE  FROM      YEAR
                                      NORMAL
......................................................
TEMPERATURE (F)
 YESTERDAY
  MAXIMUM         60    403 PM  59      1       51
  MINIMUM         33    604 AM  38     -5       41
  AVERAGE         47            48     -1

PRECIPITATION (IN)
  YESTERDAY        0.00          0.10  -0.10
  MONTH TO DATE    2.47          2.00   0.47
  SINCE MAR 1      3.16          4.06  -0.90
  SINCE JAN 1      7.09          7.38  -0.29

SNOWFALL (IN)
  YESTERDAY        0.0           0.1   -0.1      0.0
  MONTH TO DATE    5.5           1.6    3.9       T
  SINCE MAR 1     10.3           8.0    2.3      7.5
  SINCE JUL 1     41.4          41.4    0.0     37.4
  SNOW DEPTH       0

DEGREE DAYS
 HEATING
  YESTERDAY       18                    1
  MONTH TO DATE  621                  184
  SINCE MAR 1   1618                  212
  SINCE JUL 1   6474                  -31

 COOLING
  YESTERDAY        0                    0
  MONTH TO DATE    0                    0
  SINCE MAR 1      0                    0
  SINCE JAN 1      0                    0
......................................................


WIND (MPH)
  HIGHEST WIND SPEED    13   HIGHEST WIND DIRECTION    SW (220)
  HIGHEST GUST SPEED    15   HIGHEST GUST DIRECTION    SW (230)
  AVERAGE WIND SPEED     5.7



WEATHER CONDITIONS
 THE FOLLOWING WEATHER WAS RECORDED YESTERDAY.
  NO SIGNIFICANT WEATHER WAS OBSERVED.


RELATIVE HUMIDITY (PERCENT)
 HIGHEST    82
 LOWEST     26
 AVERAGE    54

..........................................................


THE TRI CITIES MI CLIMATE NORMALS FOR TODAY
                         NORMAL
 MAXIMUM TEMPERATURE (F)   59
 MINIMUM TEMPERATURE (F)   38


SUNRISE AND SUNSET
APRIL 22 2018.........SUNRISE   642 AM EDT   SUNSET   828 PM EDT
APRIL 23 2018.........SUNRISE   641 AM EDT   SUNSET   829 PM EDT


-  INDICATES NEGATIVE NUMBERS.
R  INDICATES RECORD WAS SET OR TIED.
MM INDICATES DATA IS MISSING.
T  INDICATES TRACE AMOUNT.




$$
