133
CDUS46 KHNX 210823
CLIMCE


CLIMATE REPORT
NATIONAL WEATHER SERVICE SAN JOAQUIN VALLEY, CA
122 AM PDT MON MAY 21 2018


...................................

...THE MERCED  CA CLIMATE SUMMARY FOR MAY 20 2018...

CLIMATE NORMAL PERIOD 1981 TO 2010
CLIMATE RECORD PERIOD 1998 TO 2018


WEATHER ITEM   OBSERVED TIME   RECORD YEAR NORMAL DEPARTURE
                VALUE   (LST)  VALUE       VALUE  FROM
                                                  NORMAL
...............................................................
TEMPERATURE (F)
 YESTERDAY
  MAXIMUM         79    418 PM  96    2012  83     -4
                                      2001
  MINIMUM         50    438 AM  49    2011  52     -2
                                      2003
  AVERAGE         65                        68     -3

PRECIPITATION (IN)
  YESTERDAY        0.00          0.41 2002   0.01  -0.01
  MONTH TO DATE    T                         0.48  -0.48
  SINCE OCT 1      6.91                     11.96  -5.05
  SINCE JAN 1      5.80                      8.45  -2.65

SNOWFALL (IN)
  YESTERDAY        0.0
  MONTH TO DATE    0.0
  SINCE MAR 1      0.0
  SINCE JUL 1      0.0
  SNOW DEPTH       0

DEGREE DAYS
 HEATING
  YESTERDAY        0
  MONTH TO DATE    8
  SINCE MAR 1    507
  SINCE JUL 1   2297

 COOLING
  YESTERDAY        0
  MONTH TO DATE   54
  SINCE MAR 1     73
  SINCE JAN 1     73
...............................................................


WIND (MPH)
  HIGHEST WIND SPEED    15   HIGHEST WIND DIRECTION     W (260)
  HIGHEST GUST SPEED    18   HIGHEST GUST DIRECTION     W (260)
  AVERAGE WIND SPEED     7.3




RELATIVE HUMIDITY (PERCENT)
 HIGHEST    83
 LOWEST     35
 AVERAGE    59

..........................................................


THE MERCED  CA CLIMATE NORMALS FOR TODAY
                         NORMAL    RECORD    YEAR
 MAXIMUM TEMPERATURE (F)   84        98      2001
 MINIMUM TEMPERATURE (F)   53        46      2016
                                             2002


SUNRISE AND SUNSET
MAY 21 2018...........SUNRISE   549 AM PDT   SUNSET   809 PM PDT
MAY 22 2018...........SUNRISE   548 AM PDT   SUNSET   810 PM PDT


-  INDICATES NEGATIVE NUMBERS.
R  INDICATES RECORD WAS SET OR TIED.
MM INDICATES DATA IS MISSING.
T  INDICATES TRACE AMOUNT.




$$
