310
CDUS43 KEAX 232124
CLIMCI

CLIMATE REPORT
NATIONAL WEATHER SERVICE KANSAS CITY/PLEASANT HILL MO
423 PM CDT WED MAY 23 2018


...................................

...THE KANSAS CITY INTERNATIONAL MO CLIMATE SUMMARY FOR MAY 23 2018...
VALID AS OF 0400 PM LOCAL TIME.

CLIMATE NORMAL PERIOD 1981 TO 2010
CLIMATE RECORD PERIOD 1888 TO 2018


WEATHER ITEM   OBSERVED TIME   RECORD YEAR NORMAL DEPARTURE LAST
                VALUE   (LST)  VALUE       VALUE  FROM      YEAR
                                                  NORMAL
..................................................................
TEMPERATURE (F)
 TODAY
  MAXIMUM         88    256 PM  93    1939  77     11       66
  MINIMUM         66    528 AM  41    1963  56     10       51
  AVERAGE         77                        67     10       59

PRECIPITATION (IN)
  TODAY            0.00          2.52 1995   0.17  -0.17     0.09
  MONTH TO DATE    4.51                      3.89   0.62     4.94
  SINCE MAR 1      7.20                      9.96  -2.76    14.39
  SINCE JAN 1      9.65                     12.49  -2.84    15.84

SNOWFALL (IN)
  TODAY            0.0           0.0    MM   0.0    0.0      0.0
  MONTH TO DATE    0.0                       0.0    0.0      0.0
  SINCE MAR 1      1.9                       2.6   -0.7      0.4
  SINCE JUL 1      7.7                      18.8  -11.1      4.9
  SNOW DEPTH       0

DEGREE DAYS
 HEATING
  TODAY            0                         2     -2        6
  MONTH TO DATE    0                        91    -91       97
  SINCE MAR 1   1187                      1066    121      880
  SINCE JUL 1   5114                      5111      3     4134

 COOLING
  TODAY           12                         4      8        0
  MONTH TO DATE  162                        51    111       56
  SINCE MAR 1    173                        79     94       89
  SINCE JAN 1    173                        79     94       89
..................................................................


WIND (MPH)
  HIGHEST WIND SPEED    15   HIGHEST WIND DIRECTION    SE (150)
  HIGHEST GUST SPEED    21   HIGHEST GUST DIRECTION    SE (150)
  AVERAGE WIND SPEED     8.0


SKY COVER
  POSSIBLE SUNSHINE  MM
  AVERAGE SKY COVER 0.3


WEATHER CONDITIONS
 THE FOLLOWING WEATHER WAS RECORDED TODAY.
  NO SIGNIFICANT WEATHER WAS OBSERVED.


RELATIVE HUMIDITY (PERCENT)
 HIGHEST    87           200 AM
 LOWEST     46           100 PM
 AVERAGE    67

..........................................................


THE KANSAS CITY INTERNATIONAL MO CLIMATE NORMALS FOR TOMORROW
                         NORMAL    RECORD    YEAR
 MAXIMUM TEMPERATURE (F)   77        97      1939
 MINIMUM TEMPERATURE (F)   57        41      1925


SUNRISE AND SUNSET
MAY 23 2018...........SUNRISE   559 AM CDT   SUNSET   833 PM CDT
MAY 24 2018...........SUNRISE   558 AM CDT   SUNSET   834 PM CDT


-  INDICATES NEGATIVE NUMBERS.
R  INDICATES RECORD WAS SET OR TIED.
MM INDICATES DATA IS MISSING.
T  INDICATES TRACE AMOUNT.


&&

...MISCELLANEOUS CLIMATE DATA FROM TODAY...

LOCATION                HIGH    LOW      PRECIP
ST. JOSEPH               92      61       0.00
DOWNTOWN KANSAS CITY     91      69       0.00
OLATHE NEW CENTURY       89      67       0.00
OLATHE JO CO EXEC        87      65       0.00
LEES SUMMIT              89      65       0.00
KIRKSVILLE               87      61       0.00
CHILLICOTHE              90      63       0.00
SEDALIA                  88      66       0.00
NWS PLEASANT HILL MO     87      65       0.00


THIS PRODUCT...ALONG WITH OTHER WEATHER...HYDROLOGICAL AND CLIMATE
INFORMATION...IS AVAILABLE ON THE WEB AT HTTP://WWW.WEATHER.GOV/EAX
OR AT HTTP://WEATHER.GOV

$$

CDB
