000
CDUS42 KFFC 190819
CLIMCN


CLIMATE REPORT
NATIONAL WEATHER SERVICE PEACHTREE CITY GA
419 AM EDT THU APR 19 2018


...................................

...THE MACON CLIMATE SUMMARY FOR APRIL 18 2018...

CLIMATE NORMAL PERIOD 1981 TO 2010
CLIMATE RECORD PERIOD 1899 TO 2018


WEATHER ITEM   OBSERVED TIME   RECORD YEAR NORMAL DEPARTURE LAST
                VALUE   (LST)  VALUE       VALUE  FROM      YEAR
                                                  NORMAL
..................................................................
TEMPERATURE (F)
 YESTERDAY
  MAXIMUM         87    348 PM  90    1967  77     10       88
                                      1955
  MINIMUM         48    638 AM  33    2001  51     -3       57
  AVERAGE         68                        64      4       73

PRECIPITATION (IN)
  YESTERDAY        0.00          3.47 1900   0.09  -0.09     0.00
  MONTH TO DATE    1.98                      1.93   0.05     1.49
  SINCE MAR 1      4.63                      6.48  -1.85     2.94
  SINCE JAN 1     10.26                     15.08  -4.82    16.14

DEGREE DAYS
 HEATING
  YESTERDAY        0                         3     -3        0
  MONTH TO DATE   97                        83     14       37
  SINCE MAR 1    393                       355     38      274
  SINCE JUL 1   2044                      2280   -236     1461

 COOLING
  YESTERDAY        3                         2      1        8
  MONTH TO DATE   15                        28    -13       54
  SINCE MAR 1     35                        46    -11      107
  SINCE JAN 1     86                        49     37      118
..................................................................


WIND (MPH)
  RESULTANT WIND SPEED  11   RESULTANT WIND DIRECTION  SW (240)
  HIGHEST WIND SPEED    25   HIGHEST WIND DIRECTION     W (260)
  HIGHEST GUST SPEED    35   HIGHEST GUST DIRECTION    SW (230)
  AVERAGE WIND SPEED    11.2


SKY COVER
  AVERAGE SKY COVER 0.0


WEATHER CONDITIONS
 THE FOLLOWING WEATHER WAS RECORDED YESTERDAY.
  NO SIGNIFICANT WEATHER WAS OBSERVED.


RELATIVE HUMIDITY (PERCENT)
 HIGHEST    89           700 AM
 LOWEST     25           300 PM
 AVERAGE    57

..........................................................


THE MACON CLIMATE NORMALS FOR TODAY
                         NORMAL    RECORD    YEAR
 MAXIMUM TEMPERATURE (F)   78        91      2002
                                             1976
                                             1968
 MINIMUM TEMPERATURE (F)   51        31      1983


SUNRISE AND SUNSET
APRIL 19 2018.........SUNRISE   700 AM EDT   SUNSET   808 PM EDT
APRIL 20 2018.........SUNRISE   659 AM EDT   SUNSET   808 PM EDT


-  INDICATES NEGATIVE NUMBERS.
R  INDICATES RECORD WAS SET OR TIED.
MM INDICATES DATA IS MISSING.
T  INDICATES TRACE AMOUNT.




$$
