000
CDUS44 KMEG 240636
CLIMEG


CLIMATE REPORT
NATIONAL WEATHER SERVICE MEMPHIS TN
136 AM CDT TUE APR 24 2018


...................................

...THE MEMPHIS/GERMANTOWN WFO CLIMATE SUMMARY FOR APRIL 23 2018...

CLIMATE NORMAL PERIOD 1981 TO 2010
CLIMATE RECORD PERIOD 1988 TO 2018


WEATHER ITEM   OBSERVED TIME   RECORD YEAR NORMAL DEPARTURE LAST
                VALUE   (LST)  VALUE       VALUE  FROM      YEAR
                                                  NORMAL
..................................................................
TEMPERATURE (F)
 YESTERDAY
  MAXIMUM         59   1201 AM  89    2008  74    -15       59
  MINIMUM         53   1150 PM  35    1993  51      2       49
  AVERAGE         56                        63     -7       54

PRECIPITATION (IN)
  YESTERDAY        0.72R         0.51 2000   0.19   0.53     0.08
  MONTH TO DATE    6.36                      4.02   2.34     2.99
  SINCE MAR 1     11.74                      8.97   2.77     7.72
  SINCE JAN 1     30.56                     17.60  12.96    12.93

SNOWFALL (IN)
  YESTERDAY        0.0          MM      MM                   0.0
  MONTH TO DATE    0.0                                       0.0
  SINCE MAR 1      0.0                                       0.4
  SINCE JUL 1      3.8                                       1.4
  SNOW DEPTH       0

DEGREE DAYS
 HEATING
  YESTERDAY        9                         4      5       11
  MONTH TO DATE  261                       165     96       54
  SINCE MAR 1    623                       601     22      361
  SINCE JUL 1   3177                      3347   -170     2202

 COOLING
  YESTERDAY        0                         2     -2        0
  MONTH TO DATE   14                        36    -22       82
  SINCE MAR 1     16                        47    -31      115
  SINCE JAN 1     29                        48    -19      129
..................................................................







THE MEMPHIS/GERMANTOWN WFO CLIMATE NORMALS FOR TODAY
                         NORMAL    RECORD    YEAR
 MAXIMUM TEMPERATURE (F)   75        88      2006
 MINIMUM TEMPERATURE (F)   52        39      2005


SUNRISE AND SUNSET
APRIL 24 2018.........SUNRISE   616 AM CDT   SUNSET   739 PM CDT
APRIL 25 2018.........SUNRISE   615 AM CDT   SUNSET   740 PM CDT


-  INDICATES NEGATIVE NUMBERS.
R  INDICATES RECORD WAS SET OR TIED.
MM INDICATES DATA IS MISSING.
T  INDICATES TRACE AMOUNT.




$$
