000
CDUS43 KFSD 262243
CLIMHE


CLIMATE REPORT
NATIONAL WEATHER SERVICE SIOUX FALLS SD
542 PM CDT THU APR 26 2018


...................................

...THE MITCHELL SD CLIMATE SUMMARY FOR APRIL 26 2018...
VALID TODAY AS OF 0500 PM LOCAL TIME.

CLIMATE NORMAL PERIOD 1981 TO 2010
CLIMATE RECORD PERIOD 1893 TO 2018


WEATHER ITEM   OBSERVED TIME   RECORD YEAR NORMAL DEPARTURE LAST
                VALUE   (LST)  VALUE       VALUE  FROM      YEAR
                                                  NORMAL
..................................................................
TEMPERATURE (F)
 TODAY
  MAXIMUM         64    351 PM  93    1901  65     -1       39
  MINIMUM         43    456 AM  23    1931  40      3       32
  AVERAGE         54                        53      1       36

PRECIPITATION (IN)
  TODAY            0.00          1.78 1998   0.09  -0.09      T
  MONTH TO DATE    1.56                      1.78  -0.22     2.43
  SINCE MAR 1      3.07                      2.84   0.23     2.77
  SINCE JAN 1      4.11                      3.40   0.71     3.93

SNOWFALL (IN)
  TODAY            0.0           2.0  1988  MM     MM        0.0
  MONTH TO DATE   19.5                      MM     MM        1.6
  SINCE MAR 1     30.5                      MM     MM        5.2
  SINCE JUL 1     57.5                      MM     MM       30.6
  SNOW DEPTH       0

DEGREE DAYS
 HEATING
  TODAY           11                        13     -2       29
  MONTH TO DATE  756                       472    284      386
  SINCE MAR 1   1738                      1430    308     1255
  SINCE JUL 1   7293                      6952    341     5989

 COOLING
  TODAY            0                         0      0        0
  MONTH TO DATE    0                         0      0        0
  SINCE MAR 1      0                         0      0        0
  SINCE JAN 1      0                         0      0        0
..................................................................


WIND (MPH)
  HIGHEST WIND SPEED    32   HIGHEST WIND DIRECTION     N (10)
  HIGHEST GUST SPEED    43   HIGHEST GUST DIRECTION     N (360)
  AVERAGE WIND SPEED    18.3


SKY COVER
  POSSIBLE SUNSHINE  MM
  AVERAGE SKY COVER 0.0


WEATHER CONDITIONS
 THE FOLLOWING WEATHER WAS RECORDED TODAY.
  NO SIGNIFICANT WEATHER WAS OBSERVED.


RELATIVE HUMIDITY (PERCENT)
 HIGHEST    71           700 AM
 LOWEST     30           200 PM
 AVERAGE    51

..........................................................


THE MITCHELL SD CLIMATE NORMALS FOR TOMORROW
                         NORMAL    RECORD    YEAR
 MAXIMUM TEMPERATURE (F)   66        89      1952
 MINIMUM TEMPERATURE (F)   40        19      1909


SUNRISE AND SUNSET
APRIL 26 2018.........SUNRISE   632 AM CDT   SUNSET   829 PM CDT
APRIL 27 2018.........SUNRISE   630 AM CDT   SUNSET   830 PM CDT


-  INDICATES NEGATIVE NUMBERS.
R  INDICATES RECORD WAS SET OR TIED.
MM INDICATES DATA IS MISSING.
T  INDICATES TRACE AMOUNT.




$$
