000
CDUS42 KMFL 252021
CLIMIA


CLIMATE REPORT
NATIONAL WEATHER SERVICE MIAMI, FL
421 PM EDT WED APR 25 2018


...................................

...THE MIAMI CLIMATE SUMMARY FOR APRIL 25 2018...
VALID TODAY AS OF 0400 PM LOCAL TIME.

CLIMATE NORMAL PERIOD 1981 TO 2010
CLIMATE RECORD PERIOD 1895 TO 2018


WEATHER ITEM   OBSERVED TIME   RECORD YEAR NORMAL DEPARTURE LAST
                VALUE   (LST)  VALUE       VALUE  FROM      YEAR
                                                  NORMAL
..................................................................
TEMPERATURE (F)
 TODAY
  MAXIMUM         85    239 PM  93    1971  84      1       86
  MINIMUM         68    242 AM  54    1943  70     -2       68
  AVERAGE         77                        77      0       77

PRECIPITATION (IN)
  TODAY            0.07         14.85 1979   0.10  -0.03     0.00
  MONTH TO DATE    3.29                      2.65   0.64     2.16
  SINCE NOV 1      9.93                     14.83  -4.90    14.06
  SINCE JAN 1      4.86                      9.52  -4.66    10.79

SNOWFALL (IN)
  TODAY            0.0
  MONTH TO DATE    0.0
  SINCE MAR 1      0.0
  SINCE JUL 1      0.0
  SNOW DEPTH       0

DEGREE DAYS
 HEATING
  TODAY            0                         0      0        0
  MONTH TO DATE    0                         0      0        0
  SINCE MAR 1      7                        11     -4        3
  SINCE JUL 1     85                       127    -42       17

 COOLING
  TODAY           12                        12      0       12
  MONTH TO DATE  311                       262     49      310
  SINCE MAR 1    503                       509     -6      581
  SINCE JAN 1    984                       831    153     1075
..................................................................


WIND (MPH)
  HIGHEST WIND SPEED    14   HIGHEST WIND DIRECTION    SE (130)
  HIGHEST GUST SPEED    20   HIGHEST GUST DIRECTION    SE (150)
  AVERAGE WIND SPEED     7.1


SKY COVER
  AVERAGE SKY COVER 0.5


WEATHER CONDITIONS
 THE FOLLOWING WEATHER WAS RECORDED TODAY.
  FOG


RELATIVE HUMIDITY (PERCENT)
 HIGHEST    94
 LOWEST     48
 AVERAGE    71

..........................................................


THE MIAMI CLIMATE NORMALS FOR TOMORROW
                         NORMAL    RECORD    YEAR
 MAXIMUM TEMPERATURE (F)   85        96      2015
 MINIMUM TEMPERATURE (F)   70        55      1983
                                             1910


SUNRISE AND SUNSET
APRIL 25 2018.........SUNRISE   649 AM EDT   SUNSET   749 PM EDT
APRIL 26 2018.........SUNRISE   648 AM EDT   SUNSET   750 PM EDT


-  INDICATES NEGATIVE NUMBERS.
R  INDICATES RECORD WAS SET OR TIED.
MM INDICATES DATA IS MISSING.
T  INDICATES TRACE AMOUNT.




$$
