000
CDUS43 KMKX 250641
CLIMKE


CLIMATE REPORT
NATIONAL WEATHER SERVICE IN MILWAUKEE
141 AM CDT FRI MAY 25 2018


...................................

...THE MILWAUKEE WI CLIMATE SUMMARY FOR MAY 24 2018...

CLIMATE NORMAL PERIOD 1981 TO 2010
CLIMATE RECORD PERIOD 1871 TO 2018


WEATHER ITEM   OBSERVED TIME   RECORD YEAR NORMAL DEPARTURE LAST
                VALUE   (LST)  VALUE       VALUE  FROM      YEAR
                                                  NORMAL
..................................................................
TEMPERATURE (F)
 YESTERDAY
  MAXIMUM         80    138 PM  90    1950  68     12       59
  MINIMUM         55    351 AM  34    1963  49      6       47
                                      1958
                                      1925
  AVERAGE         68                        58     10       53

PRECIPITATION (IN)
  YESTERDAY        0.00          1.88 1955   0.12  -0.12     0.28
  MONTH TO DATE    6.29                      2.59   3.70     2.12
  SINCE MAR 1     10.06                      8.42   1.64    12.07
  SINCE JAN 1     14.88                     11.83   3.05    16.08

SNOWFALL (IN)
  YESTERDAY        0.0           T    1925   0.0    0.0      0.0
  MONTH TO DATE    0.0                       0.1   -0.1      0.0
  SINCE MAR 1     14.0                       9.1    4.9     13.6
  SINCE JUL 1     46.7                      46.9   -0.2     37.6
  SNOW DEPTH       0

DEGREE DAYS
 HEATING
  YESTERDAY        0                         8     -8       12
  MONTH TO DATE  187                       266    -79      293
  SINCE MAR 1   1887                      1783    104     1598
  SINCE JUL 1   6499                      6763   -264     5597

 COOLING
  YESTERDAY        3                         1      2        0
  MONTH TO DATE   27                        14     13       15
  SINCE MAR 1     27                        19      8       18
  SINCE JAN 1     27                        19      8       18
..................................................................


WIND (MPH)
  HIGHEST WIND SPEED    16   HIGHEST WIND DIRECTION    SE (130)
  HIGHEST GUST SPEED    20   HIGHEST GUST DIRECTION    SE (140)
  AVERAGE WIND SPEED     7.5


SKY COVER
  POSSIBLE SUNSHINE  MM
  AVERAGE SKY COVER 0.4


WEATHER CONDITIONS
 THE FOLLOWING WEATHER WAS RECORDED YESTERDAY.
  NO SIGNIFICANT WEATHER WAS OBSERVED.


RELATIVE HUMIDITY (PERCENT)
 HIGHEST    77           200 AM
 LOWEST     42           600 PM
 AVERAGE    60

..........................................................


THE MILWAUKEE WI CLIMATE NORMALS FOR TODAY
                         NORMAL    RECORD    YEAR
 MAXIMUM TEMPERATURE (F)   68        93      1911
 MINIMUM TEMPERATURE (F)   49        36      1925


SUNRISE AND SUNSET
MAY 25 2018...........SUNRISE   520 AM CDT   SUNSET   818 PM CDT
MAY 26 2018...........SUNRISE   519 AM CDT   SUNSET   819 PM CDT


-  INDICATES NEGATIVE NUMBERS.
R  INDICATES RECORD WAS SET OR TIED.
MM INDICATES DATA IS MISSING.
T  INDICATES TRACE AMOUNT.




$$
