000
CDUS45 KBYZ 260721
CLIMLS


CLIMATE REPORT
NATIONAL WEATHER SERVICE BILLINGS MT
121 AM MDT THU APR 26 2018


...................................

...THE MILES CITY MT CLIMATE SUMMARY FOR APRIL 25 2018...

CLIMATE NORMAL PERIOD 1981 TO 2010
CLIMATE RECORD PERIOD 1937 TO 2018


WEATHER ITEM   OBSERVED TIME   RECORD YEAR NORMAL DEPARTURE LAST
                VALUE   (LST)  VALUE       VALUE  FROM      YEAR
                                                  NORMAL
..................................................................
TEMPERATURE (F)
 YESTERDAY
  MAXIMUM         70    231 PM  89    1974  62      8       38
  MINIMUM         33    526 AM  21    2002  36     -3       31
  AVERAGE         52                        49      3       35

PRECIPITATION (IN)
  YESTERDAY        0.00          1.30 1969   0.06  -0.06      T
  MONTH TO DATE    2.44                      1.07   1.37     0.95
  SINCE OCT 1      5.04                      3.82   1.22     3.07
  SINCE JAN 1      3.85                      2.22   1.63     1.98

DEGREE DAYS
 HEATING
  YESTERDAY       13                        16     -3       30
  MONTH TO DATE  666                       496    170      400
  SINCE MAR 1   1852                      1437    415     1202
  SINCE JUL 1   8118                      7171    947     6754

 COOLING
  YESTERDAY        0                         0      0        0
  MONTH TO DATE    0                         0      0        0
  SINCE MAR 1      0                         0      0        0
  SINCE JAN 1      0                         0      0        0
..................................................................


WIND (MPH)
  HIGHEST WIND SPEED    29   HIGHEST WIND DIRECTION    NW (330)
  HIGHEST GUST SPEED    34   HIGHEST GUST DIRECTION    NW (310)
  AVERAGE WIND SPEED    14.9


SKY COVER
  POSSIBLE SUNSHINE  MM
  AVERAGE SKY COVER 0.1


WEATHER CONDITIONS
 THE FOLLOWING WEATHER WAS RECORDED YESTERDAY.
  NO SIGNIFICANT WEATHER WAS OBSERVED.


RELATIVE HUMIDITY (PERCENT)
 HIGHEST    89           200 AM
 LOWEST     26          1200 PM
 AVERAGE    58

..........................................................


THE MILES CITY MT CLIMATE NORMALS FOR TODAY
                         NORMAL    RECORD    YEAR
 MAXIMUM TEMPERATURE (F)   63        88      1952
 MINIMUM TEMPERATURE (F)   37        20      1995


SUNRISE AND SUNSET
APRIL 26 2018.........SUNRISE   557 AM MDT   SUNSET   806 PM MDT
APRIL 27 2018.........SUNRISE   556 AM MDT   SUNSET   807 PM MDT


-  INDICATES NEGATIVE NUMBERS.
R  INDICATES RECORD WAS SET OR TIED.
MM INDICATES DATA IS MISSING.
T  INDICATES TRACE AMOUNT.




$$
