134
CDUS44 KSHV 232134
CLIMLU


CLIMATE REPORT
NATIONAL WEATHER SERVICE SHREVEPORT, LA
434 PM CDT MON APR 23 2018


...................................

...THE MONROE CLIMATE SUMMARY FOR APRIL 23 2018...
VALID TODAY AS OF 0400 PM LOCAL TIME.

CLIMATE NORMAL PERIOD 1981 TO 2010
CLIMATE RECORD PERIOD 1893 TO 2018


WEATHER ITEM   OBSERVED TIME   RECORD YEAR NORMAL DEPARTURE LAST
                VALUE   (LST)  VALUE       VALUE  FROM      YEAR
                                                  NORMAL
..................................................................
TEMPERATURE (F)
 TODAY
  MAXIMUM         67    233 PM  94    1911  80    -13       71
  MINIMUM         50    413 AM  38    1927  56     -6       50
  AVERAGE         59                        68     -9       61

PRECIPITATION (IN)
  TODAY            0.00          2.00 1952   0.16  -0.16     0.02
  MONTH TO DATE    3.83                      3.44   0.39     3.06
  SINCE DEC 1     26.32                     23.09   3.23    21.58
  SINCE JAN 1     22.80                     17.80   5.00    16.75

SNOWFALL (IN)
  TODAY            0.0
  MONTH TO DATE    0.0
  SINCE MAR 1      0.0
  SINCE JUL 1      1.5
  SNOW DEPTH       0

DEGREE DAYS
 HEATING
  TODAY            6                         1      5        4
  MONTH TO DATE  130                        74     56       23
  SINCE MAR 1    302                       324    -22      188
  SINCE JUL 1   2083                      2218   -135     1384

 COOLING
  TODAY            0                         4     -4        0
  MONTH TO DATE   36                        68    -32      114
  SINCE MAR 1     87                       100    -13      205
  SINCE JAN 1    124                       111     13      264
..................................................................


WIND (MPH)
  HIGHEST WIND SPEED    14   HIGHEST WIND DIRECTION     W (260)
  HIGHEST GUST SPEED    19   HIGHEST GUST DIRECTION     W (260)
  AVERAGE WIND SPEED     7.3


SKY COVER
  POSSIBLE SUNSHINE  MM
  AVERAGE SKY COVER 0.8


WEATHER CONDITIONS
 THE FOLLOWING WEATHER WAS RECORDED TODAY.
  NO SIGNIFICANT WEATHER WAS OBSERVED.


RELATIVE HUMIDITY (PERCENT)
 HIGHEST    96           500 AM
 LOWEST     67          1200 PM
 AVERAGE    82

..........................................................


THE MONROE CLIMATE NORMALS FOR TOMORROW
                         NORMAL    RECORD    YEAR
 MAXIMUM TEMPERATURE (F)   80        91      1965
 MINIMUM TEMPERATURE (F)   56        43      2005


SUNRISE AND SUNSET
APRIL 23 2018.........SUNRISE   630 AM CDT   SUNSET   744 PM CDT
APRIL 24 2018.........SUNRISE   629 AM CDT   SUNSET   744 PM CDT


-  INDICATES NEGATIVE NUMBERS.
R  INDICATES RECORD WAS SET OR TIED.
MM INDICATES DATA IS MISSING.
T  INDICATES TRACE AMOUNT.




$$
