000
CDUS46 KSTO 200843
CLIMOD


CLIMATE REPORT
NATIONAL WEATHER SERVICE SACRAMENTO, CA
142 AM PDT FRI APR 20 2018


...................................

...THE MODESTO CA CLIMATE SUMMARY FOR APRIL 19 2018...

CLIMATE NORMAL PERIOD 1981 TO 2010
CLIMATE RECORD PERIOD 1931 TO 2018


WEATHER ITEM   OBSERVED TIME   RECORD YEAR NORMAL DEPARTURE LAST
                VALUE   (LST)  VALUE       VALUE  FROM      YEAR
                                                  NORMAL
..................................................................
TEMPERATURE (F)
 YESTERDAY
  MAXIMUM         71    324 PM  93    2009  76     -5       75
  MINIMUM         44    555 AM  36    1933  50     -6       51
  AVERAGE         58

PRECIPITATION (IN)
  YESTERDAY        0.00          0.56 1981   0.03  -0.03     0.00
  MONTH TO DATE    2.22                      0.67   1.55     1.48
  SINCE OCT 1      8.00                     11.78  -3.78    16.78
  SINCE JAN 1      6.97                      7.70  -0.73    11.75

SNOWFALL (IN)
  YESTERDAY        0.0          MM      MM
  MONTH TO DATE    0.0
  SINCE MAR 1      0.0
  SINCE JUL 1      0.0
  SNOW DEPTH       0

DEGREE DAYS
 HEATING
  YESTERDAY        7                         4      3        2
  MONTH TO DATE   87                        97    -10       80
  SINCE MAR 1    391                       334     57      260
  SINCE JUL 1   1969                      2102   -133     1776

 COOLING
  YESTERDAY        0                         1     -1        0
  MONTH TO DATE    4                        15    -11        1
  SINCE MAR 1      7                        20    -13        7
  SINCE JAN 1      7                        20    -13        7
..................................................................


WIND (MPH)
  RESULTANT WIND SPEED  12   RESULTANT WIND DIRECTION  NW (310)
  HIGHEST WIND SPEED    23   HIGHEST WIND DIRECTION    NW (330)
  HIGHEST GUST SPEED    31   HIGHEST GUST DIRECTION    NW (330)


SKY COVER
  POSSIBLE SUNSHINE  MM
  AVERAGE SKY COVER 0.1


WEATHER CONDITIONS
 THE FOLLOWING WEATHER WAS RECORDED YESTERDAY.
  NO SIGNIFICANT WEATHER WAS OBSERVED.


RELATIVE HUMIDITY (PERCENT)
 HIGHEST    83           300 AM
 LOWEST     31           200 PM
 AVERAGE    57

..........................................................


THE MODESTO CA CLIMATE NORMALS FOR TODAY
                         NORMAL    RECORD    YEAR
 MAXIMUM TEMPERATURE (F)   76        97      2009
 MINIMUM TEMPERATURE (F)   50        35      1967


SUNRISE AND SUNSET
APRIL 20 2018.........SUNRISE   622 AM PDT   SUNSET   744 PM PDT
APRIL 21 2018.........SUNRISE   621 AM PDT   SUNSET   745 PM PDT


-  INDICATES NEGATIVE NUMBERS.
R  INDICATES RECORD WAS SET OR TIED.
MM INDICATES DATA IS MISSING.
T  INDICATES TRACE AMOUNT.




$$
