000
CDUS43 KBIS 220725
CLIMOT


CLIMATE REPORT
NATIONAL WEATHER SERVICE BISMARCK ND
224 AM CDT SUN APR 22 2018


...................................

...THE MINOT ND CLIMATE SUMMARY FOR APRIL 21 2018...

CLIMATE NORMAL PERIOD 1981 TO 2010
CLIMATE RECORD PERIOD 1897 TO 2018


WEATHER ITEM   OBSERVED TIME   RECORD YEAR NORMAL DEPARTURE LAST
                VALUE   (LST)  VALUE       VALUE  FROM      YEAR
                                                  NORMAL
..................................................................
TEMPERATURE (F)
 YESTERDAY
  MAXIMUM         66    326 PM  98    1915  58      8       65
  MINIMUM         39    605 AM  11    1931  34      5       29
  AVERAGE         53                        46      7       47

PRECIPITATION (IN)
  YESTERDAY        0.00          1.50 1904   0.04  -0.04     0.00
  MONTH TO DATE    0.01                      0.68  -0.67     0.20
  SINCE MAR 1      0.64                      1.52  -0.88     0.51
  SINCE JAN 1      0.75                      2.43  -1.68     0.65

DEGREE DAYS
 HEATING
  YESTERDAY       12                        19     -7       18
  MONTH TO DATE  783                       499    284      399
  SINCE MAR 1   2020                      1638    382     1550
  SINCE JUL 1   8538                      8214    324     7486

 COOLING
  YESTERDAY        0                         0      0        0
  MONTH TO DATE    0                         0      0        0
  SINCE MAR 1      0                         0      0        0
  SINCE JAN 1      0                         0      0        0
..................................................................


WIND (MPH)
  HIGHEST WIND SPEED    31   HIGHEST WIND DIRECTION     S (160)
  HIGHEST GUST SPEED    41   HIGHEST GUST DIRECTION     S (160)
  AVERAGE WIND SPEED    18.1


SKY COVER
  POSSIBLE SUNSHINE  MM
  AVERAGE SKY COVER 0.1


WEATHER CONDITIONS
 THE FOLLOWING WEATHER WAS RECORDED YESTERDAY.
  NO SIGNIFICANT WEATHER WAS OBSERVED.


RELATIVE HUMIDITY (PERCENT)
 HIGHEST    85           600 AM
 LOWEST     37           200 PM
 AVERAGE    61

..........................................................


THE MINOT ND CLIMATE NORMALS FOR TODAY
                         NORMAL    RECORD    YEAR
 MAXIMUM TEMPERATURE (F)   59        87      1990
 MINIMUM TEMPERATURE (F)   34        14      1909


SUNRISE AND SUNSET
APRIL 22 2018.........SUNRISE   642 AM CDT   SUNSET   846 PM CDT
APRIL 23 2018.........SUNRISE   640 AM CDT   SUNSET   848 PM CDT


-  INDICATES NEGATIVE NUMBERS.
R  INDICATES RECORD WAS SET OR TIED.
MM INDICATES DATA IS MISSING.
T  INDICATES TRACE AMOUNT.




$$
