000
CDUS44 KHUN 260739
CLIMSL


CLIMATE REPORT
NATIONAL WEATHER SERVICE HUNTSVILLE AL
239 AM CDT THU APR 26 2018


...................................

...THE MUSCLE SHOALS CLIMATE SUMMARY FOR APRIL 25 2018...

CLIMATE NORMAL PERIOD 1981 TO 2010
CLIMATE RECORD PERIOD 1893 TO 2018


WEATHER ITEM   OBSERVED TIME   RECORD YEAR NORMAL DEPARTURE LAST
                VALUE   (LST)  VALUE       VALUE  FROM      YEAR
                                                  NORMAL
..................................................................
TEMPERATURE (F)
 YESTERDAY
  MAXIMUM         76    248 PM  96    1925  76      0       80
  MINIMUM         55    208 AM  33    1910  52      3       48
  AVERAGE         66                        64      2       64

PRECIPITATION (IN)
  YESTERDAY        T             2.21 1932   0.15  -0.15     0.00
  MONTH TO DATE    6.27                      3.62   2.65     2.61
  SINCE MAR 1     10.84                      8.38   2.46     7.61
  SINCE JAN 1     25.18                     17.65   7.53    14.85

SNOWFALL (IN)
  YESTERDAY        0.0
  MONTH TO DATE    0.0
  SINCE MAR 1      T
  SINCE JUL 1      0.6
  SNOW DEPTH       0

DEGREE DAYS
 HEATING
  YESTERDAY        0                         3     -3        1
  MONTH TO DATE  194                       147     47       58
  SINCE MAR 1    581                       525     56      378
  SINCE JUL 1   2929                      3060   -131     2058

 COOLING
  YESTERDAY        1                         2     -1        0
  MONTH TO DATE   16                        38    -22       82
  SINCE MAR 1     25                        50    -25      107
  SINCE JAN 1     53                        51      2      115
..................................................................


WIND (MPH)
  HIGHEST WIND SPEED    15   HIGHEST WIND DIRECTION     N (350)
  HIGHEST GUST SPEED    22   HIGHEST GUST DIRECTION     N (360)
  AVERAGE WIND SPEED     5.9


SKY COVER
  POSSIBLE SUNSHINE  MM
  AVERAGE SKY COVER 0.5


WEATHER CONDITIONS
 THE FOLLOWING WEATHER WAS RECORDED YESTERDAY.
  NO SIGNIFICANT WEATHER WAS OBSERVED.


RELATIVE HUMIDITY (PERCENT)
 HIGHEST    93           500 AM
 LOWEST     33           300 PM
 AVERAGE    63

..........................................................


THE MUSCLE SHOALS CLIMATE NORMALS FOR TODAY
                         NORMAL    RECORD    YEAR
 MAXIMUM TEMPERATURE (F)   76        95      1925
 MINIMUM TEMPERATURE (F)   53        30      1919


SUNRISE AND SUNSET
APRIL 26 2018.........SUNRISE   605 AM CDT   SUNSET   732 PM CDT
APRIL 27 2018.........SUNRISE   604 AM CDT   SUNSET   732 PM CDT


-  INDICATES NEGATIVE NUMBERS.
R  INDICATES RECORD WAS SET OR TIED.
MM INDICATES DATA IS MISSING.
T  INDICATES TRACE AMOUNT.




$$
