000
CDUS43 KMKX 250641
CLIMSN


CLIMATE REPORT
NATIONAL WEATHER SERVICE IN MILWAUKEE
141 AM CDT FRI MAY 25 2018


...................................

...THE MADISON WI CLIMATE SUMMARY FOR MAY 24 2018...

CLIMATE NORMAL PERIOD 1981 TO 2010
CLIMATE RECORD PERIOD 1871 TO 2018


WEATHER ITEM   OBSERVED TIME   RECORD YEAR NORMAL DEPARTURE LAST
                VALUE   (LST)  VALUE       VALUE  FROM      YEAR
                                                  NORMAL
..................................................................
TEMPERATURE (F)
 YESTERDAY
  MAXIMUM         85    519 PM  92    1950  71     14       56
  MINIMUM         58    404 AM  32    1992  49      9       49
                                      1925
  AVERAGE         72                        60     12       53

PRECIPITATION (IN)
  YESTERDAY        0.00          1.53 2006   0.11  -0.11     0.01
  MONTH TO DATE    8.69                      2.66   6.03     2.31
  SINCE MAR 1     11.57                      8.26   3.31    10.44
  SINCE JAN 1     15.75                     10.94   4.81    15.14

SNOWFALL (IN)
  YESTERDAY        0.0           T    1925   0.0    0.0      0.0
  MONTH TO DATE    0.0                       0.2   -0.2      0.0
  SINCE MAR 1     16.9                       9.8    7.1      8.3
  SINCE JUL 1     44.4                      50.9   -6.5     44.0
  SNOW DEPTH       0

DEGREE DAYS
 HEATING
  YESTERDAY        0                         7     -7       12
  MONTH TO DATE  106                       228   -122      257
  SINCE MAR 1   1916                      1749    167     1649
  SINCE JUL 1   7191                      7235    -44     6161

 COOLING
  YESTERDAY        7                         1      6        0
  MONTH TO DATE   16                        14      2       15
  SINCE MAR 1     16                        18     -2       15
  SINCE JAN 1     16                        18     -2       15
..................................................................


WIND (MPH)
  HIGHEST WIND SPEED    16   HIGHEST WIND DIRECTION     S (170)
  HIGHEST GUST SPEED    21   HIGHEST GUST DIRECTION     S (170)
  AVERAGE WIND SPEED     6.0


SKY COVER
  POSSIBLE SUNSHINE  MM
  AVERAGE SKY COVER 0.4


WEATHER CONDITIONS
 THE FOLLOWING WEATHER WAS RECORDED YESTERDAY.
  NO SIGNIFICANT WEATHER WAS OBSERVED.


RELATIVE HUMIDITY (PERCENT)
 HIGHEST    87           400 AM
 LOWEST     40           400 PM
 AVERAGE    64

..........................................................


THE MADISON WI CLIMATE NORMALS FOR TODAY
                         NORMAL    RECORD    YEAR
 MAXIMUM TEMPERATURE (F)   71        89      1977
 MINIMUM TEMPERATURE (F)   49        30      1988


SUNRISE AND SUNSET
MAY 25 2018...........SUNRISE   525 AM CDT   SUNSET   824 PM CDT
MAY 26 2018...........SUNRISE   524 AM CDT   SUNSET   825 PM CDT


-  INDICATES NEGATIVE NUMBERS.
R  INDICATES RECORD WAS SET OR TIED.
MM INDICATES DATA IS MISSING.
T  INDICATES TRACE AMOUNT.




$$
