000
CDUS45 KMSO 220740
CLIMSO


CLIMATE REPORT
NATIONAL WEATHER SERVICE MISSOULA, MT
139 AM MDT SUN APR 22 2018


...................................

...THE MISSOULA MT CLIMATE SUMMARY FOR APRIL 21 2018...

CLIMATE NORMAL PERIOD 1981 TO 2010
CLIMATE RECORD PERIOD 1893 TO 2018


WEATHER ITEM   OBSERVED TIME   RECORD YEAR NORMAL DEPARTURE LAST
                VALUE   (LST)  VALUE       VALUE  FROM      YEAR
                                                  NORMAL
..................................................................
TEMPERATURE (F)
 YESTERDAY
  MAXIMUM         60    410 PM  82    2016  60      0       56
                                      1934
  MINIMUM         34    511 AM  15    1951  33      1       36
  AVERAGE         47                        47      0       46

PRECIPITATION (IN)
  YESTERDAY        0.00          0.62 1898   0.04  -0.04     0.00
  MONTH TO DATE    1.77                      0.85   0.92     0.89
  SINCE OCT 1      8.67                      6.33   2.34    10.83
  SINCE JAN 1      4.85                      3.40   1.45     6.17

SNOWFALL (IN)
  YESTERDAY        0.0
  MONTH TO DATE    1.6
  SINCE JAN 1     25.9
  SINCE JUL 1     53.2
  SNOW DEPTH       0

DEGREE DAYS
 HEATING
  YESTERDAY       18                        18      0       19
  MONTH TO DATE  509                       427     82      452
  SINCE MAR 1   1373                      1241    132     1209
  SINCE JUL 1   6770                      6610    160     6985

 COOLING
  YESTERDAY        0                         0      0        0
  MONTH TO DATE    0                         0      0        0
  SINCE MAR 1      0                         0      0        0
  SINCE JAN 1      0                         0      0        0
..................................................................


WIND (MPH)
  HIGHEST WIND SPEED    31   HIGHEST WIND DIRECTION     W (290)
  HIGHEST GUST SPEED    45   HIGHEST GUST DIRECTION     W (270)
  AVERAGE WIND SPEED     8.7


SKY COVER
  POSSIBLE SUNSHINE  MM
  AVERAGE SKY COVER 0.4


WEATHER CONDITIONS
 THE FOLLOWING WEATHER WAS RECORDED YESTERDAY.
  NO SIGNIFICANT WEATHER WAS OBSERVED.


RELATIVE HUMIDITY (PERCENT)
 HIGHEST    82           600 AM
 LOWEST     23           500 PM
 AVERAGE    53

..........................................................


THE MISSOULA MT CLIMATE NORMALS FOR TODAY
                         NORMAL    RECORD    YEAR
 MAXIMUM TEMPERATURE (F)   60        83      1969
 MINIMUM TEMPERATURE (F)   34        15      2013


SUNRISE AND SUNSET
APRIL 22 2018.........SUNRISE   636 AM MDT   SUNSET   835 PM MDT
APRIL 23 2018.........SUNRISE   634 AM MDT   SUNSET   836 PM MDT


-  INDICATES NEGATIVE NUMBERS.
R  INDICATES RECORD WAS SET OR TIED.
MM INDICATES DATA IS MISSING.
T  INDICATES TRACE AMOUNT.




$$
