000
CDUS41 KBTV 270541
CLIMSS


CLIMATE REPORT
NATIONAL WEATHER SERVICE BURLINGTON VT
140 AM EDT FRI APR 27 2018


...................................

...THE MASSENA NY CLIMATE SUMMARY FOR APRIL 26 2018...

CLIMATE NORMAL PERIOD 1981 TO 2010
CLIMATE RECORD PERIOD 1948 TO 2018


WEATHER ITEM   OBSERVED TIME   RECORD YEAR NORMAL DEPARTURE LAST
                VALUE   (LST)  VALUE       VALUE  FROM      YEAR
                                                  NORMAL
..................................................................
TEMPERATURE (F)
 YESTERDAY
  MAXIMUM         53    239 AM  85    1990  60     -7       66
  MINIMUM         44   1159 PM  22    1972  37      7       49
  AVERAGE         49                        48      1       58

PRECIPITATION (IN)
  YESTERDAY        0.01          0.55        0.10  -0.09     0.02
  MONTH TO DATE    2.24                      2.43  -0.19     3.44
  SINCE MAR 1      3.18                      4.52  -1.34     5.56
  SINCE JAN 1      6.41                      8.47  -2.06     8.99

DEGREE DAYS
 HEATING
  YESTERDAY       16                        17     -1        7
  MONTH TO DATE  720                       587    133      479
  SINCE MAR 1   1818                      1731     87     1735
  SINCE JUL 1   7016                      7718   -702     6661

 COOLING
  YESTERDAY        0                         0      0        0
  MONTH TO DATE    0                         0      0        0
  SINCE MAR 1      0                         0      0        0
  SINCE JAN 1      0                         0      0        0
..................................................................


WIND (MPH)
  HIGHEST WIND SPEED    21   HIGHEST WIND DIRECTION    SW (220)
  HIGHEST GUST SPEED    26   HIGHEST GUST DIRECTION    SW (210)
  AVERAGE WIND SPEED    11.1


SKY COVER
  AVERAGE SKY COVER 1.0


WEATHER CONDITIONS
 THE FOLLOWING WEATHER WAS RECORDED YESTERDAY.
  LIGHT RAIN
  FOG


RELATIVE HUMIDITY (PERCENT)
 HIGHEST   100          1200 AM
 LOWEST     92          1100 PM
 AVERAGE    96

..........................................................


THE MASSENA NY CLIMATE NORMALS FOR TODAY
                         NORMAL    RECORD    YEAR
 MAXIMUM TEMPERATURE (F)   60        89      1990
 MINIMUM TEMPERATURE (F)   37        21      1972


SUNRISE AND SUNSET
APRIL 27 2018.........SUNRISE   555 AM EDT   SUNSET   800 PM EDT
APRIL 28 2018.........SUNRISE   553 AM EDT   SUNSET   801 PM EDT


-  INDICATES NEGATIVE NUMBERS.
R  INDICATES RECORD WAS SET OR TIED.
MM INDICATES DATA IS MISSING.
T  INDICATES TRACE AMOUNT.




$$
