000
CDUS43 KILX 270635
CLIMTO


CLIMATE REPORT
NATIONAL WEATHER SERVICE LINCOLN IL
131 AM CDT FRI APR 27 2018


...................................

...THE MATTOON IL AIRPORT CLIMATE SUMMARY FOR APRIL 26 2018...

CLIMATE NORMAL PERIOD 1981 TO 2010
CLIMATE RECORD PERIOD 9999 TO 9999


WEATHER ITEM   OBSERVED TIME   RECORD YEAR NORMAL DEPARTURE LAST
                VALUE   (LST)  VALUE       VALUE  FROM      YEAR
                                                  NORMAL
..................................................................
TEMPERATURE (F)
 YESTERDAY
  MAXIMUM         68    257 PM  MM      MM  67      1       78
  MINIMUM         37    531 AM  MM      MM  47    -10       59
  AVERAGE         53                        57     -4       69

PRECIPITATION (IN)
  YESTERDAY        0.00         MM      MM   0.14  -0.14     0.92
  MONTH TO DATE    5.33                      2.80   2.53     2.42
  SINCE MAR 1      8.53                      5.37   3.16     3.83
  SINCE JAN 1     11.95                      9.35   2.60     5.66

DEGREE DAYS
 HEATING
  YESTERDAY       12                         8      4        0
  MONTH TO DATE  508                       330    178      206
  SINCE MAR 1   1302                      1029    273      854
  SINCE JUL 1   5395                      5233    162     4235

 COOLING
  YESTERDAY        0                         1     -1        4
  MONTH TO DATE    0                         7     -7       21
  SINCE MAR 1      0                         8     -8       21
  SINCE JAN 1      0                         8     -8       21
..................................................................


WIND (MPH)
  HIGHEST WIND SPEED    17   HIGHEST WIND DIRECTION     N (10)
  HIGHEST GUST SPEED    23   HIGHEST GUST DIRECTION    NW (330)
  AVERAGE WIND SPEED     5.5


SKY COVER
  POSSIBLE SUNSHINE  MM
  AVERAGE SKY COVER 0.0


WEATHER CONDITIONS
 THE FOLLOWING WEATHER WAS RECORDED YESTERDAY.
  NO SIGNIFICANT WEATHER WAS OBSERVED.


RELATIVE HUMIDITY (PERCENT)
 HIGHEST    85           500 AM
 LOWEST     28           400 PM
 AVERAGE    57

..........................................................


THE MATTOON IL AIRPORT CLIMATE NORMALS FOR TODAY
                         NORMAL    RECORD    YEAR
 MAXIMUM TEMPERATURE (F)   68        MM        MM
 MINIMUM TEMPERATURE (F)   48        MM        MM


SUNRISE AND SUNSET
APRIL 27 2018.........SUNRISE   559 AM CDT   SUNSET   743 PM CDT
APRIL 28 2018.........SUNRISE   558 AM CDT   SUNSET   744 PM CDT


-  INDICATES NEGATIVE NUMBERS.
R  INDICATES RECORD WAS SET OR TIED.
MM INDICATES DATA IS MISSING.
T  INDICATES TRACE AMOUNT.




$$
