000
CDUS42 KCAE 220550
CLIOGB


CLIMATE REPORT
NATIONAL WEATHER SERVICE COLUMBIA SC
150 AM EDT SUN APR 22 2018


...................................

...THE ORANGEBURG AIRPORT SC CLIMATE SUMMARY FOR APRIL 21 2018...

CLIMATE NORMAL PERIOD 1981 TO 2010
CLIMATE RECORD PERIOD 9999 TO 9999


WEATHER ITEM   OBSERVED TIME   NORMAL DEPARTURE LAST
                VALUE   (LST)  VALUE  FROM      YEAR
                                      NORMAL
......................................................
TEMPERATURE (F)
 YESTERDAY
  MAXIMUM         73    349 PM  78     -5       88
  MINIMUM         40    607 AM  52    -12       60
  AVERAGE         57            65     -8       74

PRECIPITATION (IN)
  YESTERDAY        0.00          0.10  -0.10     0.00
  MONTH TO DATE    2.16          2.16   0.00     1.82
  SINCE MAR 1      4.07          6.14  -2.07     3.58
  SINCE JAN 1      6.92         13.71  -6.79    10.23

DEGREE DAYS
 HEATING
  YESTERDAY        8             3      5        0
  MONTH TO DATE  126            91     35       36
  SINCE MAR 1    467           368     99      308
  SINCE JUL 1   2172          2300   -128     1617

 COOLING
  YESTERDAY        0             2     -2        9
  MONTH TO DATE   22            37    -15       65
  SINCE MAR 1     33            54    -21      111
  SINCE JAN 1     90            57     33      137
......................................................


WIND (MPH)
  HIGHEST WIND SPEED    15   HIGHEST WIND DIRECTION     E (70)
  HIGHEST GUST SPEED    21   HIGHEST GUST DIRECTION     E (70)
  AVERAGE WIND SPEED     5.2


SKY COVER
  AVERAGE SKY COVER 0.3


WEATHER CONDITIONS
 THE FOLLOWING WEATHER WAS RECORDED YESTERDAY.
  FOG


RELATIVE HUMIDITY (PERCENT)
 HIGHEST    93           500 AM
 LOWEST     27          1200 PM

..........................................................


THE ORANGEBURG AIRPORT SC CLIMATE NORMALS FOR TODAY
                         NORMAL    RECORD    YEAR
 MAXIMUM TEMPERATURE (F)   78        MM        MM
 MINIMUM TEMPERATURE (F)   52        MM        MM


SUNRISE AND SUNSET
APRIL 22 2018.........SUNRISE   645 AM EDT   SUNSET   759 PM EDT
APRIL 23 2018.........SUNRISE   644 AM EDT   SUNSET   800 PM EDT


-  INDICATES NEGATIVE NUMBERS.
R  INDICATES RECORD WAS SET OR TIED.
MM INDICATES DATA IS MISSING.
T  INDICATES TRACE AMOUNT.




$$
