060
CDUS46 KSGX 260023
CLIOKB


CLIMATE REPORT
NATIONAL WEATHER SERVICE SAN DIEGO, CA
523 PM PDT FRI MAY 25 2018


...................................

...THE OCEANSIDE AIRPORT CA CLIMATE SUMMARY FOR MAY 25 2018...
VALID TODAY AS OF 0500 PM LOCAL TIME.

CLIMATE NORMAL PERIOD 1981 TO 2010
CLIMATE RECORD PERIOD 1999 TO 2018


WEATHER ITEM   OBSERVED TIME   RECORD YEAR NORMAL DEPARTURE LAST
                VALUE   (LST)  VALUE       VALUE  FROM      YEAR
                                                  NORMAL
..................................................................
TEMPERATURE (F)
 TODAY
  MAXIMUM         71   1201 PM  73    2014  70      1       69
                                      2013
                                      2005
  MINIMUM         57    533 AM  43    2010  55      2       60
  AVERAGE         64                        63      1       65

PRECIPITATION (IN)
  TODAY            0.00          0.04 2012   0.00   0.00     0.00
  MONTH TO DATE    0.17                      0.25  -0.08     1.27
  SINCE OCT 1      4.91                     13.03  -8.12    14.92
  SINCE JAN 1      4.87                      9.15  -4.28     9.77

DEGREE DAYS
 HEATING
  TODAY            1                         3     -2        0
  MONTH TO DATE   88                        95     -7       64
  SINCE MAR 1    526                       581    -55      385
  SINCE JUL 1   1492                      1989   -497     1400

 COOLING
  TODAY            0                         0      0        0
  MONTH TO DATE    2                         0      2       11
  SINCE MAR 1      4                         3      1       17
  SINCE JAN 1      7                         3      4       17
..................................................................


WIND (MPH)
  RESULTANT WIND SPEED   8   RESULTANT WIND DIRECTION   W (270)
  HIGHEST WIND SPEED    20   HIGHEST WIND DIRECTION     W (290)
  HIGHEST GUST SPEED    26   HIGHEST GUST DIRECTION     W (260)
  AVERAGE WIND SPEED     7.6


SKY COVER
  POSSIBLE SUNSHINE  MM
  AVERAGE SKY COVER 0.5


WEATHER CONDITIONS
 THE FOLLOWING WEATHER WAS RECORDED TODAY.
  NO SIGNIFICANT WEATHER WAS OBSERVED.


RELATIVE HUMIDITY (PERCENT)
 HIGHEST    80           400 AM
 LOWEST     51          1200 PM
 AVERAGE    66

..........................................................


THE OCEANSIDE AIRPORT CA CLIMATE NORMALS FOR TOMORROW
                         NORMAL    RECORD    YEAR
 MAXIMUM TEMPERATURE (F)   70        73      2014
                                             2005
 MINIMUM TEMPERATURE (F)   55        50      2010


SUNRISE AND SUNSET
MAY 25 2018...........SUNRISE   544 AM PDT   SUNSET   749 PM PDT
MAY 26 2018...........SUNRISE   543 AM PDT   SUNSET   750 PM PDT


-  INDICATES NEGATIVE NUMBERS.
R  INDICATES RECORD WAS SET OR TIED.
MM INDICATES DATA IS MISSING.
T  INDICATES TRACE AMOUNT.




$$
