000
CDAK49 PAFG 230951
CLIOME

CLIMATE REPORT
NATIONAL WEATHER SERVICE FAIRBANKS AK
151 AM AKDT MON APR 23 2018


...................................

...THE NOME AK CLIMATE SUMMARY FOR APRIL 22 2018...

CLIMATE NORMAL PERIOD 1981 TO 2010
CLIMATE RECORD PERIOD 1906 TO 2018


WEATHER ITEM   OBSERVED TIME   RECORD YEAR NORMAL DEPARTURE LAST
                VALUE   (LST)  VALUE       VALUE  FROM      YEAR
                                                  NORMAL
..................................................................
TEMPERATURE (F)
 YESTERDAY
  MAXIMUM         39    412 PM  54    1940  31      8       46
  MINIMUM         24    544 AM -14    1976  18      6       31
                                      1966
  AVERAGE         32                        24      8       39

PRECIPITATION (IN)
  YESTERDAY        0.00          0.31 1927   0.03  -0.03     0.00
  MONTH TO DATE    0.16                      0.54  -0.38     0.11
  SINCE MAR 1      2.64                      1.19   1.45     0.12
  SINCE JAN 1      4.56                      3.06   1.50     1.87

SNOWFALL (IN)
  YESTERDAY        0.0           2.3  1961   0.2   -0.2      0.0
  MONTH TO DATE    0.4                       5.9   -5.5      1.1
  SINCE MAR 1     34.4                      14.8   19.6      2.0
  SINCE JUL 1    107.7                      71.5   36.2     54.2
  SNOW DEPTH      21

DEGREE DAYS
 HEATING
  YESTERDAY       33                        41     -8       26
  MONTH TO DATE  872                      1030   -158      815
  SINCE MAR 1   2355                      2726   -371     2803
  SINCE JUL 1  10536                     12005  -1469    11598

 COOLING
  YESTERDAY        0                         0      0        0
  MONTH TO DATE    0                         0      0        0
  SINCE MAR 1      0                         0      0        0
  SINCE JAN 1      0                         0      0        0
..................................................................


WIND (MPH)
  HIGHEST GUST SPEED    31   HIGHEST GUST DIRECTION    NE (40)


SKY COVER
  AVERAGE SKY COVER 0.1


WEATHER CONDITIONS
 THE FOLLOWING WEATHER WAS RECORDED YESTERDAY.
  NO SIGNIFICANT WEATHER WAS OBSERVED.


RELATIVE HUMIDITY (PERCENT)
 HIGHEST    81
 LOWEST     59
 AVERAGE    70

..........................................................


THE NOME AK CLIMATE NORMALS FOR TODAY
                         NORMAL    RECORD    YEAR
 MAXIMUM TEMPERATURE (F)   31        57      1940
 MINIMUM TEMPERATURE (F)   18       -20      1976


SUNRISE AND SUNSET
APRIL 23 2018.........SUNRISE   659 AM AKDT  SUNSET  1104 PM AKDT
APRIL 24 2018.........SUNRISE   655 AM AKDT  SUNSET  1107 PM AKDT

-  INDICATES NEGATIVE NUMBERS.
R  INDICATES RECORD WAS SET OR TIED.
MM INDICATES DATA IS MISSING.
T  INDICATES TRACE AMOUNT.

&&

SNOW DEPTH IS MEASURED AT 3AM AKST/4AM AKDT.

----------------------------
AVAILABLE DAYLIGHT

AMOUNT OF DAYLIGHT TODAY  (HOUR:MIN)........16:05
GAIN/LOSS SINCE YESTERDAY (HOUR:MIN:SEC)....+0:06:48

NOME TIDAL INFORMATION FOR 23 APRIL 2018
0523  -0.3
1230  +1.1
1750  +0.5
2323  +0.9

$$
AY APR 18
