000
CDUS45 KBOI 230932
CLIONO


CLIMATE REPORT
NATIONAL WEATHER SERVICE BOISE ID
332 AM MDT WED MAY 23 2018


...................................

...THE ONTARIO OR CLIMATE SUMMARY FOR MAY 22 2018...

CLIMATE NORMAL PERIOD 1981 TO 2010
CLIMATE RECORD PERIOD 1948 TO 2018


WEATHER ITEM   OBSERVED TIME   RECORD YEAR NORMAL DEPARTURE LAST
                VALUE   (LST)  VALUE       VALUE  FROM      YEAR
                                                  NORMAL
..................................................................
TEMPERATURE (F)
 YESTERDAY
  MAXIMUM         85    317 PM  95    1967  77      8       86
                                      1956
  MINIMUM         56    552 AM  26    1960  46     10       49
  AVERAGE         71                        61     10       68

PRECIPITATION (IN)
  YESTERDAY        0.00          0.20 1998   0.04  -0.04     0.00
  MONTH TO DATE    0.71                      0.89  -0.18     1.13
  SINCE OCT 1      6.30                      8.09  -1.79    12.03
  SINCE JAN 1      3.59                      4.68  -1.09     8.71

DEGREE DAYS
 HEATING
  YESTERDAY        0                         5     -5        0
  MONTH TO DATE   37                       170   -133      156
  SINCE MAR 1   1010                      1281   -271     1136
  SINCE JUL 1   5187                      5911   -724     6010

 COOLING
  YESTERDAY        6                         1      5        3
  MONTH TO DATE   29                        17     12        9
  SINCE MAR 1     29                        18     11        9
  SINCE JAN 1     29                        18     11        9
..................................................................


WIND (MPH)
  HIGHEST WIND SPEED    14   HIGHEST WIND DIRECTION     E (100)
  HIGHEST GUST SPEED    21   HIGHEST GUST DIRECTION     E (90)
  AVERAGE WIND SPEED     4.4


SKY COVER
  AVERAGE SKY COVER 0.0


WEATHER CONDITIONS
 THE FOLLOWING WEATHER WAS RECORDED YESTERDAY.
  NO SIGNIFICANT WEATHER WAS OBSERVED.


RELATIVE HUMIDITY (PERCENT)
 HIGHEST    77           500 AM
 LOWEST     29           400 PM
 AVERAGE    53

..........................................................


THE ONTARIO OR CLIMATE NORMALS FOR TODAY
                         NORMAL    RECORD    YEAR
 MAXIMUM TEMPERATURE (F)   77        95      2001
 MINIMUM TEMPERATURE (F)   47        27      1966


SUNRISE AND SUNSET
MAY 23 2018...........SUNRISE   614 AM MDT   SUNSET   916 PM MDT
MAY 24 2018...........SUNRISE   613 AM MDT   SUNSET   917 PM MDT


-  INDICATES NEGATIVE NUMBERS.
R  INDICATES RECORD WAS SET OR TIED.
MM INDICATES DATA IS MISSING.
T  INDICATES TRACE AMOUNT.




$$
