000
CDUS41 KBOX 250547
CLIORH


CLIMATE REPORT
NATIONAL WEATHER SERVICE BOSTON/NORTON MA
142 AM EDT WED APR 25 2018


...................................

...THE WORCESTER MA CLIMATE SUMMARY FOR APRIL 24 2018...

CLIMATE NORMAL PERIOD 1981 TO 2010
CLIMATE RECORD PERIOD 1892 TO 2018


WEATHER ITEM   OBSERVED TIME   RECORD YEAR NORMAL DEPARTURE LAST
                VALUE   (LST)  VALUE       VALUE  FROM      YEAR
                                                  NORMAL
..................................................................
TEMPERATURE (F)
 YESTERDAY
  MAXIMUM         65    226 PM  84    2001  59      6       69
  MINIMUM         40    420 AM  21    1930  40      0       42
  AVERAGE         53                        49      4       56

PRECIPITATION (IN)
  YESTERDAY        0.00          2.01 1983   0.12  -0.12     0.00
  MONTH TO DATE    3.99                      3.33   0.66     3.87
  SINCE MAR 1      8.89                      7.54   1.35     7.88
  SINCE JAN 1     17.38                     14.26   3.12    14.23

SNOWFALL (IN)
  YESTERDAY        0.0           3.4  1967   0.1   -0.1      0.0
  MONTH TO DATE    7.2                       2.6    4.6      2.9
  SINCE MAR 1     49.5                      14.0   35.5     20.5
  SINCE JUL 1     96.1                      63.9   32.2     78.3
  SNOW DEPTH      MM

DEGREE DAYS
 HEATING
  YESTERDAY       12                        16     -4        9
  MONTH TO DATE  622                       484    138      406
  SINCE MAR 1   1591                      1423    168     1486
  SINCE JUL 1   6092                      6260   -168     5763

 COOLING
  YESTERDAY        0                         0      0        0
  MONTH TO DATE    0                         0      0        6
  SINCE MAR 1      0                         0      0        6
  SINCE JAN 1      0                         0      0        6
..................................................................


WIND (MPH)
  RESULTANT WIND SPEED  11   RESULTANT WIND DIRECTION  SW (220)
  HIGHEST WIND SPEED    21   HIGHEST WIND DIRECTION     S (180)
  HIGHEST GUST SPEED    27   HIGHEST GUST DIRECTION     S (200)
  AVERAGE WIND SPEED    12.0


SKY COVER
  POSSIBLE SUNSHINE  MM
  AVERAGE SKY COVER 0.1


WEATHER CONDITIONS
 THE FOLLOWING WEATHER WAS RECORDED YESTERDAY.
  NO SIGNIFICANT WEATHER WAS OBSERVED.


RELATIVE HUMIDITY (PERCENT)
 HIGHEST    59           800 PM
 LOWEST     20           300 PM
 AVERAGE    40

..........................................................


THE WORCESTER MA CLIMATE NORMALS FOR TODAY
                         NORMAL    RECORD    YEAR
 MAXIMUM TEMPERATURE (F)   59        86      2009
 MINIMUM TEMPERATURE (F)   40        25      1927
                                             1919


SUNRISE AND SUNSET
APRIL 25 2018.........SUNRISE   551 AM EDT   SUNSET   740 PM EDT
APRIL 26 2018.........SUNRISE   550 AM EDT   SUNSET   741 PM EDT


-  INDICATES NEGATIVE NUMBERS.
R  INDICATES RECORD WAS SET OR TIED.
MM INDICATES DATA IS MISSING.
T  INDICATES TRACE AMOUNT.




$$
