059
CDUS43 KDDC 250706
CLIP28


CLIMATE REPORT
NATIONAL WEATHER SERVICE DODGE CITY KS
206 AM CDT WED APR 25 2018


...................................

...THE MEDICINE LODGE KS CLIMATE SUMMARY FOR APRIL 24 2018...

CLIMATE NORMAL PERIOD 1981 TO 2010
CLIMATE RECORD PERIOD 1893 TO 2018


WEATHER ITEM   OBSERVED TIME   RECORD YEAR NORMAL DEPARTURE LAST
                VALUE   (LST)  VALUE       VALUE  FROM      YEAR
                                                  NORMAL
..................................................................
TEMPERATURE (F)
 YESTERDAY
  MAXIMUM         76   1206 PM  94    2012  71      5       79
                                      1989
  MINIMUM         43    607 AM  25    2013  47     -4       46
  AVERAGE         60                        59      1       63

PRECIPITATION (IN)
  YESTERDAY        0.03          2.34 1897   0.10  -0.07     0.00
  MONTH TO DATE    0.94                      1.84  -0.90     2.32
  SINCE MAR 1      1.96                      4.10  -2.14     4.55
  SINCE JAN 1      2.34                      5.85  -3.51     8.47

SNOWFALL (IN)
  YESTERDAY       MM            MM      MM   0.0             0.0
  MONTH TO DATE    0.0                       0.0             0.0
  SINCE MAR 1      0.0                       0.1             0.0
  SINCE JUL 1      T                         8.5             1.4
  SNOW DEPTH       0

DEGREE DAYS
 HEATING
  YESTERDAY        5                         7     -2        2
  MONTH TO DATE  395                       253    142      170
  SINCE MAR 1    886                       821     65      614
  SINCE JUL 1   4265                      4350    -85     3615

 COOLING
  YESTERDAY        0                         1     -1        0
  MONTH TO DATE   17                        16      1       28
  SINCE MAR 1     17                        18     -1       40
  SINCE JAN 1     17                        18     -1       40
..................................................................


WIND (MPH)
  HIGHEST WIND SPEED    29   HIGHEST WIND DIRECTION     N (360)
  HIGHEST GUST SPEED    39   HIGHEST GUST DIRECTION     N (350)
  AVERAGE WIND SPEED    11.5




RELATIVE HUMIDITY (PERCENT)
 HIGHEST    93           300 AM
 LOWEST     31          1200 PM
 AVERAGE    62

..........................................................


THE MEDICINE LODGE KS CLIMATE NORMALS FOR TODAY
                         NORMAL    RECORD    YEAR
 MAXIMUM TEMPERATURE (F)   72        96      2012
 MINIMUM TEMPERATURE (F)   47        29      1910


SUNRISE AND SUNSET
APRIL 25 2018.........SUNRISE   647 AM CDT   SUNSET   819 PM CDT
APRIL 26 2018.........SUNRISE   645 AM CDT   SUNSET   819 PM CDT


-  INDICATES NEGATIVE NUMBERS.
R  INDICATES RECORD WAS SET OR TIED.
MM INDICATES DATA IS MISSING.
T  INDICATES TRACE AMOUNT.




$$
