000
CDUS43 KPAH 200634
CLIPAH


CLIMATE REPORT
NATIONAL WEATHER SERVICE PADUCAH KY
129 AM CDT FRI APR 20 2018


...................................

...THE PADUCAH KY CLIMATE SUMMARY FOR APRIL 19 2018...

CLIMATE NORMAL PERIOD 1981 TO 2010
CLIMATE RECORD PERIOD 1937 TO 2018


WEATHER ITEM   OBSERVED TIME   RECORD YEAR NORMAL DEPARTURE LAST
                VALUE   (LST)  VALUE       VALUE  FROM      YEAR
                                                  NORMAL
..................................................................
TEMPERATURE (F)
 YESTERDAY
  MAXIMUM         54    410 PM  88    1971  71    -17       84
  MINIMUM         37   1151 PM  29    1983  48    -11       64
                                      1953
  AVERAGE         46                        59    -13       74

PRECIPITATION (IN)
  YESTERDAY        0.00          2.38 1973   0.18  -0.18     0.00
  MONTH TO DATE    2.03                      2.87  -0.84     1.62
  SINCE MAR 1      5.99                      6.80  -0.81     6.01
  SINCE JAN 1     18.54                     14.39   4.15    10.84

SNOWFALL (IN)
  YESTERDAY        0.0           T    2011   0.0    0.0      0.0
  MONTH TO DATE    1.0                       0.0    1.0      0.0
  SINCE MAR 1      1.2                       0.6    0.6      1.0
  SINCE JUL 1     13.7                       9.1    4.6      1.2
  SNOW DEPTH       0

DEGREE DAYS
 HEATING
  YESTERDAY       19                         7     12        0
  MONTH TO DATE  300                       183    117       70
  SINCE MAR 1    845                       706    139      506
  SINCE JUL 1   4000                      4002     -2     2985

 COOLING
  YESTERDAY        0                         1     -1        9
  MONTH TO DATE   12                        19     -7       46
  SINCE MAR 1     12                        26    -14       47
  SINCE JAN 1     23                        26     -3       47
..................................................................


WIND (MPH)
  HIGHEST WIND SPEED    24   HIGHEST WIND DIRECTION     N (350)
  HIGHEST GUST SPEED    34   HIGHEST GUST DIRECTION     N (350)
  AVERAGE WIND SPEED    11.1


SKY COVER
  POSSIBLE SUNSHINE  MM
  AVERAGE SKY COVER 0.6


WEATHER CONDITIONS
 THE FOLLOWING WEATHER WAS RECORDED YESTERDAY.
  NO SIGNIFICANT WEATHER WAS OBSERVED.


RELATIVE HUMIDITY (PERCENT)
 HIGHEST    79          1000 PM
 LOWEST     44           600 PM
 AVERAGE    62

..........................................................


THE PADUCAH KY CLIMATE NORMALS FOR TODAY
                         NORMAL    RECORD    YEAR
 MAXIMUM TEMPERATURE (F)   71        88      1987
                                             1971
 MINIMUM TEMPERATURE (F)   48        27      1983


SUNRISE AND SUNSET
APRIL 20 2018.........SUNRISE   614 AM CDT   SUNSET   734 PM CDT
APRIL 21 2018.........SUNRISE   613 AM CDT   SUNSET   735 PM CDT


-  INDICATES NEGATIVE NUMBERS.
R  INDICATES RECORD WAS SET OR TIED.
MM INDICATES DATA IS MISSING.
T  INDICATES TRACE AMOUNT.

&&
...........................................................
***** AGRICULTURAL DATA *****

SOIL TEMPERATURES AT A DEPTH OF FOUR INCHES

UNDER GRASS... MAX: 50   MIN: 49


$$
