476
CDUS42 KMFL 220824
CLIPBI


CLIMATE REPORT
NATIONAL WEATHER SERVICE MIAMI, FL
424 AM EDT SUN APR 22 2018


...................................

...THE WEST PALM BEACH CLIMATE SUMMARY FOR APRIL 21 2018...

CLIMATE NORMAL PERIOD 1981 TO 2010
CLIMATE RECORD PERIOD 1888 TO 2018


WEATHER ITEM   OBSERVED TIME   RECORD YEAR NORMAL DEPARTURE LAST
                VALUE   (LST)  VALUE       VALUE  FROM      YEAR
                                                  NORMAL
..................................................................
TEMPERATURE (F)
 YESTERDAY
  MAXIMUM         83    144 PM  90    1944  82      1       82
  MINIMUM         75    618 AM  49    1901  67      8       73
  AVERAGE         79                        74      5       78

PRECIPITATION (IN)
  YESTERDAY        0.00          1.86 1922   0.12  -0.12     0.00
  MONTH TO DATE    4.22                      2.70   1.52     0.11
  SINCE NOV 1     13.06                     21.37  -8.31     9.64
  SINCE JAN 1      9.62                     13.24  -3.62     5.17

SNOWFALL (IN)
  YESTERDAY        0.0
  MONTH TO DATE    0.0
  SINCE MAR 1      0.0
  SINCE JUL 1      0.0
  SNOW DEPTH       0

DEGREE DAYS
 HEATING
  YESTERDAY        0                         0      0        0
  MONTH TO DATE    0                         0      0        0
  SINCE MAR 1     39                        24     15       16
  SINCE JUL 1    179                       229    -50       68

 COOLING
  YESTERDAY       14                         9      5       13
  MONTH TO DATE  204                       173     31      228
  SINCE MAR 1    337                       366    -29      422
  SINCE JAN 1    743                       601    142      762
..................................................................


WIND (MPH)
  HIGHEST WIND SPEED    24   HIGHEST WIND DIRECTION     E (90)
  HIGHEST GUST SPEED    30   HIGHEST GUST DIRECTION     E (100)
  AVERAGE WIND SPEED    15.6


SKY COVER
  AVERAGE SKY COVER 0.6


WEATHER CONDITIONS
 THE FOLLOWING WEATHER WAS RECORDED YESTERDAY.
  NO SIGNIFICANT WEATHER WAS OBSERVED.


RELATIVE HUMIDITY (PERCENT)
 HIGHEST    87
 LOWEST     69
 AVERAGE    78

..........................................................


THE WEST PALM BEACH CLIMATE NORMALS FOR TODAY
                         NORMAL    RECORD    YEAR
 MAXIMUM TEMPERATURE (F)   83        93      1988
 MINIMUM TEMPERATURE (F)   67        46      1901


SUNRISE AND SUNSET
APRIL 22 2018.........SUNRISE   650 AM EDT   SUNSET   748 PM EDT
APRIL 23 2018.........SUNRISE   649 AM EDT   SUNSET   749 PM EDT


-  INDICATES NEGATIVE NUMBERS.
R  INDICATES RECORD WAS SET OR TIED.
MM INDICATES DATA IS MISSING.
T  INDICATES TRACE AMOUNT.




$$
