000
CDUS42 KFFC 192042
CLIPDK


CLIMATE REPORT
NATIONAL WEATHER SERVICE PEACHTREE CITY GA
441 PM EDT THU APR 19 2018


...................................

...THE DEKALB PEACHTREE AIRPORT CLIMATE SUMMARY FOR APRIL 19 2018...
VALID TODAY AS OF 0400 PM LOCAL TIME.

CLIMATE NORMAL PERIOD 1981 TO 2010
CLIMATE RECORD PERIOD 9999 TO 9999


WEATHER ITEM   OBSERVED TIME   RECORD YEAR NORMAL DEPARTURE LAST
                VALUE   (LST)  VALUE       VALUE  FROM      YEAR
                                                  NORMAL
..................................................................
TEMPERATURE (F)
 TODAY
  MAXIMUM         69   1223 AM  MM      MM  75     -6       78
  MINIMUM         59    846 AM  MM      MM  50      9       61
  AVERAGE         64                        62      2       70

PRECIPITATION (IN)
  TODAY            0.00         MM      MM   0.10  -0.10     0.01
  MONTH TO DATE    1.37                      2.17  -0.80     5.07
  SINCE MAR 1      6.85                      7.15  -0.30     8.38
  SINCE JAN 1     14.31                     16.96  -2.65    15.69

SNOWFALL (IN)
  TODAY            0.0          MM      MM  MM     MM        0.0
  MONTH TO DATE    0.0                      MM     MM        0.0
  SINCE MAR 1      0.0                      MM     MM         T
  SINCE JUL 1      0.0                      MM     MM         T
  SNOW DEPTH       0

DEGREE DAYS
 HEATING
  TODAY            1                         4     -3        0
  MONTH TO DATE  152                       112     40       55
  SINCE MAR 1    574                       480     94      367
  SINCE JUL 1   2808                      2881    -73     2017

 COOLING
  TODAY            0                         1     -1        5
  MONTH TO DATE    8                        19    -11       38
  SINCE MAR 1      9                        26    -17       63
  SINCE JAN 1     25                        26     -1       63
..................................................................


WIND (MPH)
  RESULTANT WIND SPEED  11   RESULTANT WIND DIRECTION   W (290)
  HIGHEST WIND SPEED    24   HIGHEST WIND DIRECTION    NW (310)
  HIGHEST GUST SPEED    33   HIGHEST GUST DIRECTION    NW (310)
  AVERAGE WIND SPEED    12.4


SKY COVER
  AVERAGE SKY COVER 0.1


WEATHER CONDITIONS
 THE FOLLOWING WEATHER WAS RECORDED TODAY.
  NO SIGNIFICANT WEATHER WAS OBSERVED.


RELATIVE HUMIDITY (PERCENT)
 HIGHEST    78           400 AM
 LOWEST     39           900 AM
 AVERAGE    59

..........................................................


THE DEKALB PEACHTREE AIRPORT CLIMATE NORMALS FOR TOMORROW
                         NORMAL    RECORD    YEAR
 MAXIMUM TEMPERATURE (F)   75        MM        MM
 MINIMUM TEMPERATURE (F)   51        MM        MM


SUNRISE AND SUNSET
APRIL 19 2018.........SUNRISE   702 AM EDT   SUNSET   812 PM EDT
APRIL 20 2018.........SUNRISE   700 AM EDT   SUNSET   812 PM EDT


-  INDICATES NEGATIVE NUMBERS.
R  INDICATES RECORD WAS SET OR TIED.
MM INDICATES DATA IS MISSING.
T  INDICATES TRACE AMOUNT.




$$
