000
CDUS45 KPIH 210734
CLIPIH


CLIMATE REPORT
NATIONAL WEATHER SERVICE POCATELLO ID
133 AM MDT SAT APR 21 2018


...................................

...THE POCATELLO ID CLIMATE SUMMARY FOR APRIL 20 2018...

CLIMATE NORMAL PERIOD 1981 TO 2010
CLIMATE RECORD PERIOD 1939 TO 2018


WEATHER ITEM   OBSERVED TIME   RECORD YEAR NORMAL DEPARTURE LAST
                VALUE   (LST)  VALUE       VALUE  FROM      YEAR
                                                  NORMAL
..................................................................
TEMPERATURE (F)
 YESTERDAY
  MAXIMUM         69    428 PM  83    1994  60      9       54
  MINIMUM         32    613 AM  17    1982  34     -2       33
  AVERAGE         51                        47      4       44

PRECIPITATION (IN)
  YESTERDAY        0.00          0.71 1984   0.04  -0.04     0.40
  MONTH TO DATE    0.78                      0.72   0.06     1.93
  SINCE OCT 1      6.81                      7.16  -0.35    15.38
  SINCE JAN 1      4.02                      3.94   0.08     8.82

SNOWFALL (IN)
  YESTERDAY        0.0
  MONTH TO DATE    T
  SINCE MAR 1      8.3
  SINCE JUL 1     30.5
  SNOW DEPTH       0

DEGREE DAYS
 HEATING
  YESTERDAY       14                        18     -4       21
  MONTH TO DATE  369                       412    -43      395
  SINCE MAR 1   1180                      1251    -71     1063
  SINCE JUL 1   5888                      6524   -636     6312

 COOLING
  YESTERDAY        0                         0      0        0
  MONTH TO DATE    0                         0      0        0
  SINCE MAR 1      0                         0      0        0
  SINCE JAN 1      0                         0      0        0
..................................................................


WIND (MPH)
  HIGHEST WIND SPEED    24   HIGHEST WIND DIRECTION     W (270)
  HIGHEST GUST SPEED    28   HIGHEST GUST DIRECTION     W (280)
  AVERAGE WIND SPEED    11.5


SKY COVER
  POSSIBLE SUNSHINE  MM
  AVERAGE SKY COVER 0.1


WEATHER CONDITIONS
 THE FOLLOWING WEATHER WAS RECORDED YESTERDAY.
  NO SIGNIFICANT WEATHER WAS OBSERVED.


RELATIVE HUMIDITY (PERCENT)
 HIGHEST    82           600 AM
 LOWEST     21           200 PM
 AVERAGE    52

..........................................................


THE POCATELLO ID CLIMATE NORMALS FOR TODAY
                         NORMAL    RECORD    YEAR
 MAXIMUM TEMPERATURE (F)   60        86      1994
 MINIMUM TEMPERATURE (F)   34        15      2008


SUNRISE AND SUNSET
APRIL 21 2018.........SUNRISE   639 AM MDT   SUNSET   820 PM MDT
APRIL 22 2018.........SUNRISE   637 AM MDT   SUNSET   821 PM MDT


-  INDICATES NEGATIVE NUMBERS.
R  INDICATES RECORD WAS SET OR TIED.
MM INDICATES DATA IS MISSING.
T  INDICATES TRACE AMOUNT.




$$
