000
CDUS43 KABR 191509
CLIPIR


CLIMATE REPORT
NATIONAL WEATHER SERVICE ABERDEEN SD
1007 AM CDT THU APR 19 2018


...................................

...THE PIERRE SD CLIMATE SUMMARY FOR APRIL 18 2018...

CLIMATE NORMAL PERIOD 1981 TO 2010
CLIMATE RECORD PERIOD 1892 TO 2018


WEATHER ITEM   OBSERVED TIME   RECORD YEAR NORMAL DEPARTURE LAST
                VALUE   (LST)  VALUE       VALUE  FROM      YEAR
                                                  NORMAL
..................................................................
TEMPERATURE (F)
 YESTERDAY
  MAXIMUM         48    615 PM  90    1987  61    -13       61
  MINIMUM         31   1142 PM  16    1953  35     -4       45
  AVERAGE         40                        48     -8       53

PRECIPITATION (IN)
  YESTERDAY        0.32          1.04 1930   0.07   0.25     0.02
  MONTH TO DATE    1.60                      0.96   0.64     1.08
  SINCE MAR 1      3.00                      2.19   0.81     1.42
  SINCE JAN 1      4.57                      3.20   1.37     2.65

SNOWFALL (IN)
  YESTERDAY        2.0           5.0  1995   0.1    1.9      0.0
  MONTH TO DATE   16.0                       2.9   13.1       T
  SINCE OCT 1     48.0                      30.7   17.3     32.6
  SINCE JUL 1     48.0                      30.7   17.3     32.6
  SNOW DEPTH       2

DEGREE DAYS
 HEATING
  YESTERDAY       25                        17      8       12
  MONTH TO DATE  620                       371    249      282
  SINCE MAR 1   1672                      1318    354     1152
  SINCE JUL 1   7333                      6816    517     6308

 COOLING
  YESTERDAY        0                         0      0        0
  MONTH TO DATE    0                         0      0        1
  SINCE MAR 1      0                         0      0        1
  SINCE JAN 1      0                         0      0        1
..................................................................


WIND (MPH)
  RESULTANT WIND SPEED  10   RESULTANT WIND DIRECTION  NW (330)
  HIGHEST WIND SPEED    17   HIGHEST WIND DIRECTION    NW (330)
  HIGHEST GUST SPEED    20   HIGHEST GUST DIRECTION    NW (330)
  AVERAGE WIND SPEED    10.9




RELATIVE HUMIDITY (PERCENT)
 HIGHEST   100           300 AM
 LOWEST     61           600 PM
 AVERAGE    81

..........................................................


THE PIERRE SD CLIMATE NORMALS FOR TODAY
                         NORMAL    RECORD    YEAR
 MAXIMUM TEMPERATURE (F)   62        88      1961
 MINIMUM TEMPERATURE (F)   36        17      1966


SUNRISE AND SUNSET
APRIL 19 2018.........SUNRISE   651 AM CDT   SUNSET   831 PM CDT
APRIL 20 2018.........SUNRISE   649 AM CDT   SUNSET   832 PM CDT


-  INDICATES NEGATIVE NUMBERS.
R  INDICATES RECORD WAS SET OR TIED.
MM INDICATES DATA IS MISSING.
T  INDICATES TRACE AMOUNT.




$$
