314
CDUS41 KPBZ 261232
CLIPIT

CLIMATE REPORT
NATIONAL WEATHER SERVICE PITTSBURGH PA
831 AM EDT THU APR 26 2018

...................................

...THE PITTSBURGH PA CLIMATE SUMMARY FOR APRIL 26 2018...
VALID AS OF 0800 AM LOCAL TIME.

CLIMATE NORMAL PERIOD 1981 TO 2010
CLIMATE RECORD PERIOD 1871 TO 2018

WEATHER ITEM   OBSERVED TIME   RECORD YEAR NORMAL DEPARTURE LAST
                VALUE   (LST)  VALUE       VALUE  FROM      YEAR
                                                  NORMAL
..................................................................
TEMPERATURE (F)
 TODAY
  MAXIMUM         41    450 AM  87    1990
                                      1942
                                      1915
  MINIMUM         37    607 AM  29    1981  44     -7       48
                                      1919

PRECIPITATION (IN)
  TODAY            0.00          1.50 1998   0.11  -0.11     0.00
  MONTH TO DATE    4.40                      2.70   1.70     2.43
  SINCE JUN 1     42.12                     33.83   8.29    33.84
  SINCE JAN 1     18.68                     10.74   7.94    12.45

SNOWFALL (IN)
  TODAY            0.0           T    1933   0.0    0.0      0.0
  MONTH TO DATE    7.3                       1.5    5.8       T
  SINCE OCT 1     59.8                      41.9   17.9     32.0
  SINCE JUL 1     59.8                      41.9   17.9     32.0
  SNOW DEPTH       0

DEGREE DAYS
 HEATING
  TODAY           26

 COOLING
  TODAY            0
..................................................................


WEATHER CONDITIONS
 THE FOLLOWING WEATHER WAS RECORDED TODAY.
  NO SIGNIFICANT WEATHER WAS OBSERVED.


RELATIVE HUMIDITY (PERCENT)
 HIGHEST    92           200 AM

..........................................................


THE PITTSBURGH PA CLIMATE NORMALS FOR TOMORROW
                         NORMAL    RECORD    YEAR
 MAXIMUM TEMPERATURE (F)   66        89      1990
 MINIMUM TEMPERATURE (F)   44        24      1971


SUNRISE AND SUNSET
APRIL 26 2018.........SUNRISE   626 AM EDT   SUNSET   811 PM EDT
APRIL 27 2018.........SUNRISE   625 AM EDT   SUNSET   812 PM EDT


-  INDICATES NEGATIVE NUMBERS.
R  INDICATES RECORD WAS SET OR TIED.
MM INDICATES DATA IS MISSING.
T  INDICATES TRACE AMOUNT.

&&

SNOW DEPTH IS MEASURED AT 7 AM EST OR 8 AM EDT.

$$
