309
CDUS41 KRLX 190726
CLIPKB


CLIMATE REPORT
NATIONAL WEATHER SERVICE CHARLESTON WV
326 AM EDT THU APR 19 2018


...................................

...THE PARKERSBURG WV CLIMATE SUMMARY FOR APRIL 18 2018...

CLIMATE NORMAL PERIOD 1981 TO 2010
CLIMATE RECORD PERIOD 1889 TO 2018


WEATHER ITEM   OBSERVED TIME   RECORD YEAR NORMAL DEPARTURE LAST
                VALUE   (LST)  VALUE       VALUE  FROM      YEAR
                                                  NORMAL
..................................................................
TEMPERATURE (F)
 YESTERDAY
  MAXIMUM         64    453 PM  91    1976  67     -3       79
  MINIMUM         25R   531 AM  28    1951  43    -18       45
  AVERAGE         45                        55    -10       62

PRECIPITATION (IN)
  YESTERDAY        0.20          1.25 1969   0.10   0.10     0.00
  MONTH TO DATE    3.91                      1.93   1.98     2.68
  SINCE JAN 1     17.70                     11.31   6.39    15.78

SNOWFALL (IN)
  YESTERDAY       MM
  MONTH TO DATE   MM
  SINCE SEP 1     MM
  SNOW DEPTH      MM

DEGREE DAYS
 HEATING
  YESTERDAY       20                        11      9        3
  MONTH TO DATE  330                       238     92      149
  SINCE MAR 1   1108                       909    199      785
  SINCE JUL 1   4763                      4699     64     3816

 COOLING
  YESTERDAY        0                         1     -1        0
  MONTH TO DATE   20                         8     12        7
  SINCE MAR 1     20                        11      9        9
  SINCE JAN 1     26                        11     15       13
..................................................................


WIND (MPH)
  HIGHEST WIND SPEED    18   HIGHEST WIND DIRECTION    NW (320)
  HIGHEST GUST SPEED    30   HIGHEST GUST DIRECTION    NW (320)
  AVERAGE WIND SPEED     2.8


SKY COVER
  POSSIBLE SUNSHINE  MM
  AVERAGE SKY COVER 0.3


WEATHER CONDITIONS
 THE FOLLOWING WEATHER WAS RECORDED YESTERDAY.
  RAIN
  LIGHT RAIN
  FOG


RELATIVE HUMIDITY (PERCENT)
 HIGHEST    93          1100 PM
 LOWEST     36           400 PM
 AVERAGE    65

..........................................................


THE PARKERSBURG WV CLIMATE NORMALS FOR TODAY
                         NORMAL    RECORD    YEAR
 MAXIMUM TEMPERATURE (F)   68        89      1941
 MINIMUM TEMPERATURE (F)   43        25      1983


SUNRISE AND SUNSET
APRIL 19 2018.........SUNRISE   643 AM EDT   SUNSET   807 PM EDT
APRIL 20 2018.........SUNRISE   642 AM EDT   SUNSET   808 PM EDT


-  INDICATES NEGATIVE NUMBERS.
R  INDICATES RECORD WAS SET OR TIED.
MM INDICATES DATA IS MISSING.
T  INDICATES TRACE AMOUNT.




$$
