000
CDUS46 KLOX 270904
CLIPMD


CLIMATE REPORT
NATIONAL WEATHER SERVICE LOS ANGELES/OXNARD CA
204 AM PDT SUN MAY 27 2018


...................................

...THE PALMDALE AIRPORT CA CLIMATE SUMMARY FOR MAY 26 2018...

CLIMATE NORMAL PERIOD 1981 TO 2010
CLIMATE RECORD PERIOD 1931 TO 2018


WEATHER ITEM   OBSERVED TIME   RECORD YEAR NORMAL DEPARTURE LAST
                VALUE   (LST)  VALUE       VALUE  FROM      YEAR
                                                  NORMAL
..................................................................
TEMPERATURE (F)
 YESTERDAY
  MAXIMUM         72    250 PM 100    1974  86    -14       71
  MINIMUM         52    454 AM  38    1980  55     -3       52
  AVERAGE         62                        70     -8       62

PRECIPITATION (IN)
  YESTERDAY        0.00          0.07 1937   0.00   0.00     0.00
  MONTH TO DATE    T                         0.23  -0.23     0.02
  SINCE OCT 1      2.57                      7.66  -5.09     5.93
  SINCE JAN 1      2.57                      5.21  -2.64     4.14

SNOWFALL (IN)
  YESTERDAY        0.0          MM      MM  MM               0.0
  MONTH TO DATE    0.0                      MM               0.0
  SINCE MAR 1      0.0                      MM               0.0
  SINCE JUL 1      0.0                      MM               0.0
  SNOW DEPTH       0

DEGREE DAYS
 HEATING
  YESTERDAY        3                         1      2        3
  MONTH TO DATE   39                        63    -24       62
  SINCE MAR 1    487                       668   -181      415
  SINCE JUL 1   2168                      2913   -745     2324

 COOLING
  YESTERDAY        0                         7     -7        0
  MONTH TO DATE   80                       111    -31      121
  SINCE MAR 1    137                       134      3      135
  SINCE JAN 1    137                       134      3      135
..................................................................


WIND (MPH)
  HIGHEST WIND SPEED    28   HIGHEST WIND DIRECTION     W (260)
  HIGHEST GUST SPEED    MM   HIGHEST GUST DIRECTION    MM
  AVERAGE WIND SPEED    19.2


SKY COVER
  POSSIBLE SUNSHINE  MM
  AVERAGE SKY COVER 0.0


WEATHER CONDITIONS
 THE FOLLOWING WEATHER WAS RECORDED YESTERDAY.
  NO SIGNIFICANT WEATHER WAS OBSERVED.


RELATIVE HUMIDITY (PERCENT)
 HIGHEST    71           500 AM
 LOWEST     34           100 PM
 AVERAGE    53

..........................................................


THE PALMDALE AIRPORT CA CLIMATE NORMALS FOR TODAY
                         NORMAL    RECORD    YEAR
 MAXIMUM TEMPERATURE (F)   86       102      1984
 MINIMUM TEMPERATURE (F)   55        41      1934


SUNRISE AND SUNSET
MAY 27 2018...........SUNRISE   542 AM PDT   SUNSET   757 PM PDT
MAY 28 2018...........SUNRISE   542 AM PDT   SUNSET   758 PM PDT


-  INDICATES NEGATIVE NUMBERS.
R  INDICATES RECORD WAS SET OR TIED.
MM INDICATES DATA IS MISSING.
T  INDICATES TRACE AMOUNT.




$$
