000
CDUS46 KLOX 270121
CLIPRB


CLIMATE REPORT
NATIONAL WEATHER SERVICE LOS ANGELES/OXNARD CA
621 PM PDT THU APR 26 2018


...................................

...THE PASO ROBLES AIRPORT CA CLIMATE SUMMARY FOR APRIL 26 2018...
VALID TODAY AS OF 0500 PM LOCAL TIME.

CLIMATE NORMAL PERIOD 1981 TO 2010
CLIMATE RECORD PERIOD 1948 TO 2018


WEATHER ITEM   OBSERVED TIME   RECORD YEAR NORMAL DEPARTURE LAST
                VALUE   (LST)  VALUE       VALUE  FROM      YEAR
                                                  NORMAL
..................................................................
TEMPERATURE (F)
 TODAY
  MAXIMUM         73    200 PM  97    2004  76     -3       80
  MINIMUM         47        MM  31    1975  43      4       45
  AVERAGE         60                        59      1       63

PRECIPITATION (IN)
  TODAY            0.00          0.55 1960   0.01  -0.01     0.00
  MONTH TO DATE    0.20                      0.62  -0.42     0.95
  SINCE OCT 1      9.62                     12.11  -2.49    15.96
  SINCE JAN 1      9.35                      8.45   0.90    12.28

SNOWFALL (IN)
  TODAY            0.0
  MONTH TO DATE    0.0
  SINCE MAR 1      0.0
  SINCE JUL 1      0.0

DEGREE DAYS
 HEATING
  TODAY            5                         6     -1        2
  MONTH TO DATE  150                       229    -79      162
  SINCE MAR 1    506                       595    -89      446
  SINCE JUL 1   2207                      2688   -481     2247

 COOLING
  TODAY            0                         0      0        0
  MONTH TO DATE    4                         0      4        0
  SINCE MAR 1      4                         0      4        0
  SINCE JAN 1      4                         0      4        0
..................................................................


WIND (MPH)
  HIGHEST WIND SPEED    14   HIGHEST WIND DIRECTION    SW (220)
  HIGHEST GUST SPEED    MM   HIGHEST GUST DIRECTION    MM
  AVERAGE WIND SPEED     4.8


SKY COVER
  POSSIBLE SUNSHINE  MM
  AVERAGE SKY COVER 0.5


WEATHER CONDITIONS
 THE FOLLOWING WEATHER WAS RECORDED TODAY.
  FOG


RELATIVE HUMIDITY (PERCENT)
 HIGHEST   100           200 AM
 LOWEST     35           100 PM
 AVERAGE    68

..........................................................


THE PASO ROBLES AIRPORT CA CLIMATE NORMALS FOR TOMORROW
                         NORMAL    RECORD    YEAR
 MAXIMUM TEMPERATURE (F)   76        99      2004
 MINIMUM TEMPERATURE (F)   43        30      1984


SUNRISE AND SUNSET
APRIL 26 2018.........SUNRISE   616 AM PDT   SUNSET   745 PM PDT
APRIL 27 2018.........SUNRISE   615 AM PDT   SUNSET   746 PM PDT


-  INDICATES NEGATIVE NUMBERS.
R  INDICATES RECORD WAS SET OR TIED.
MM INDICATES DATA IS MISSING.
T  INDICATES TRACE AMOUNT.




$$
