000
CDUS46 KSGX 201134
CLIPSP


CLIMATE REPORT
NATIONAL WEATHER SERVICE SAN DIEGO, CA
423 AM PDT SUN MAY 20 2018


...................................

...THE PALM SPRINGS INTL AIRPORT CA CLIMATE SUMMARY FOR MAY 19 2018...

CLIMATE NORMAL PERIOD 1981 TO 2010
CLIMATE RECORD PERIOD 1893 TO 2018


WEATHER ITEM   OBSERVED TIME   RECORD YEAR NORMAL DEPARTURE LAST
                VALUE   (LST)  VALUE       VALUE  FROM      YEAR
                                                  NORMAL
..................................................................
TEMPERATURE (F)
 YESTERDAY
  MAXIMUM         94    222 PM 113    2008  94      0       94
  MINIMUM         65    439 AM  49    1948  66     -1       66
                                      1933
  AVERAGE         80                        80      0       80

PRECIPITATION (IN)
  YESTERDAY        0.00          0.17 1940   0.00   0.00     0.00
  MONTH TO DATE    T                         0.11  -0.11      T
  SINCE OCT 1      1.69                      4.71  -3.02     6.97
  SINCE JAN 1      1.69                      2.86  -1.17     5.18

DEGREE DAYS
 HEATING
  YESTERDAY        0                         0      0        0
  MONTH TO DATE    0                         0      0        5
  SINCE MAR 1     42                        94    -52       24
  SINCE JUL 1    335                       872   -537      684

 COOLING
  YESTERDAY       15                        15      0       15
  MONTH TO DATE  282                       241     41      228
  SINCE MAR 1    769                       534    235      823
  SINCE JAN 1    882                       561    321      868
..................................................................


WIND (MPH)
  RESULTANT WIND SPEED   8   RESULTANT WIND DIRECTION  NW (320)
  HIGHEST WIND SPEED    23   HIGHEST WIND DIRECTION    NW (320)
  HIGHEST GUST SPEED    30   HIGHEST GUST DIRECTION    NW (320)
  AVERAGE WIND SPEED     9.7


SKY COVER
  POSSIBLE SUNSHINE  MM
  AVERAGE SKY COVER 0.0


WEATHER CONDITIONS
 THE FOLLOWING WEATHER WAS RECORDED YESTERDAY.
  NO SIGNIFICANT WEATHER WAS OBSERVED.


RELATIVE HUMIDITY (PERCENT)
 HIGHEST    58           300 AM
 LOWEST     20           100 PM
 AVERAGE    39

..........................................................


THE PALM SPRINGS INTL AIRPORT CA CLIMATE NORMALS FOR TODAY
                         NORMAL    RECORD    YEAR
 MAXIMUM TEMPERATURE (F)   95       113      1967
 MINIMUM TEMPERATURE (F)   66        47      1975


SUNRISE AND SUNSET
MAY 20 2018...........SUNRISE   542 AM PDT   SUNSET   744 PM PDT
MAY 21 2018...........SUNRISE   541 AM PDT   SUNSET   745 PM PDT


-  INDICATES NEGATIVE NUMBERS.
R  INDICATES RECORD WAS SET OR TIED.
MM INDICATES DATA IS MISSING.
T  INDICATES TRACE AMOUNT.




$$
