000
CDUS41 KBOX 230602
CLIPVD


CLIMATE REPORT
NATIONAL WEATHER SERVICE BOSTON/NORTON MA
150 AM EDT MON APR 23 2018


...................................

...THE PROVIDENCE RI CLIMATE SUMMARY FOR APRIL 22 2018...

CLIMATE NORMAL PERIOD 1981 TO 2010
CLIMATE RECORD PERIOD 1904 TO 2018


WEATHER ITEM   OBSERVED TIME   RECORD YEAR NORMAL DEPARTURE LAST
                VALUE   (LST)  VALUE       VALUE  FROM      YEAR
                                                  NORMAL
..................................................................
TEMPERATURE (F)
 YESTERDAY
  MAXIMUM         63    219 PM  86    1977  61      2       48
  MINIMUM         36    352 AM  29    1975  42     -6       44
  AVERAGE         50                        51     -1       46

PRECIPITATION (IN)
  YESTERDAY        0.00          1.59 2012   0.13  -0.13     0.06
  MONTH TO DATE    3.53                      3.32   0.21     4.63
  SINCE MAR 1      8.38                      8.33   0.05     8.48
  SINCE JAN 1     20.32                     15.48   4.84    15.66

SNOWFALL (IN)
  YESTERDAY        0.0           0.2  1943   0.0    0.0      0.0
  MONTH TO DATE    3.6                       0.6    3.0       T
  SINCE MAR 1     16.7                       6.1   10.6      7.7
  SINCE JUL 1     50.6                      33.8   16.8     45.9
  SNOW DEPTH       0

DEGREE DAYS
 HEATING
  YESTERDAY       15                        14      1       19
  MONTH TO DATE  474                       380     94      318
  SINCE MAR 1   1284                      1189     95     1238
  SINCE JUL 1   4947                      5251   -304     4796

 COOLING
  YESTERDAY        0                         0      0        0
  MONTH TO DATE    0                         0      0        7
  SINCE MAR 1      0                         0      0        7
  SINCE JAN 1      0                         0      0        7
..................................................................


WIND (MPH)
  RESULTANT WIND SPEED   1   RESULTANT WIND DIRECTION  SW (230)
  HIGHEST WIND SPEED    21   HIGHEST WIND DIRECTION     S (160)
  HIGHEST GUST SPEED    24   HIGHEST GUST DIRECTION     S (160)
  AVERAGE WIND SPEED     5.7


SKY COVER
  POSSIBLE SUNSHINE  MM
  AVERAGE SKY COVER 0.0


WEATHER CONDITIONS
 THE FOLLOWING WEATHER WAS RECORDED YESTERDAY.
  NO SIGNIFICANT WEATHER WAS OBSERVED.


RELATIVE HUMIDITY (PERCENT)
 HIGHEST    76           900 PM
 LOWEST     16           200 PM
 AVERAGE    46

..........................................................


THE PROVIDENCE RI CLIMATE NORMALS FOR TODAY
                         NORMAL    RECORD    YEAR
 MAXIMUM TEMPERATURE (F)   61        85      1908
 MINIMUM TEMPERATURE (F)   42        28      1989
                                             1933


SUNRISE AND SUNSET
APRIL 23 2018.........SUNRISE   554 AM EDT   SUNSET   735 PM EDT
APRIL 24 2018.........SUNRISE   552 AM EDT   SUNSET   736 PM EDT


-  INDICATES NEGATIVE NUMBERS.
R  INDICATES RECORD WAS SET OR TIED.
MM INDICATES DATA IS MISSING.
T  INDICATES TRACE AMOUNT.




$$
