000
CDUS46 KSGX 260021
CLIRAL


CLIMATE REPORT
NATIONAL WEATHER SERVICE SAN DIEGO, CA
521 PM PDT WED APR 25 2018


...................................

...THE RIVERSIDE MUNI AIRPORT CA CLIMATE SUMMARY FOR APRIL 25 2018...
VALID TODAY AS OF 0500 PM LOCAL TIME.

CLIMATE NORMAL PERIOD 1981 TO 2010
CLIMATE RECORD PERIOD 1893 TO 2018


WEATHER ITEM   OBSERVED TIME   RECORD YEAR NORMAL DEPARTURE LAST
                VALUE   (LST)  VALUE       VALUE  FROM      YEAR
                                                  NORMAL
..................................................................
TEMPERATURE (F)
 TODAY
  MAXIMUM         82    249 PM  96    2004  77      5       75
                                      1913
  MINIMUM         51    501 AM  37    1942  52     -1       53
  AVERAGE         67                        65      2       64

PRECIPITATION (IN)
  TODAY            0.00          0.65 1951   0.03  -0.03     0.00
  MONTH TO DATE    T                         0.67  -0.67     0.10
  SINCE OCT 1      4.08                     11.47  -7.39    13.19
  SINCE JAN 1      4.05                      8.66  -4.61     7.93

DEGREE DAYS
 HEATING
  TODAY            0                         3     -3        1
  MONTH TO DATE   39                        97    -58       31
  SINCE MAR 1    224                       302    -78      129
  SINCE JUL 1    784                      1410   -626     1093

 COOLING
  TODAY            2                         2      0        0
  MONTH TO DATE   68                        32     36       57
  SINCE MAR 1     80                        44     36      116
  SINCE JAN 1    116                        53     63      116
..................................................................


WIND (MPH)
  RESULTANT WIND SPEED   4   RESULTANT WIND DIRECTION   W (290)
  HIGHEST WIND SPEED    18   HIGHEST WIND DIRECTION     W (270)
  HIGHEST GUST SPEED    24   HIGHEST GUST DIRECTION     W (270)
  AVERAGE WIND SPEED     5.2


SKY COVER
  POSSIBLE SUNSHINE  MM
  AVERAGE SKY COVER 0.1


WEATHER CONDITIONS
 THE FOLLOWING WEATHER WAS RECORDED TODAY.
  FOG
  HAZE


RELATIVE HUMIDITY (PERCENT)
 HIGHEST    96           300 AM
 LOWEST     21           300 PM
 AVERAGE    59

..........................................................


THE RIVERSIDE MUNI AIRPORT CA CLIMATE NORMALS FOR TOMORROW
                         NORMAL    RECORD    YEAR
 MAXIMUM TEMPERATURE (F)   77       101      2004
 MINIMUM TEMPERATURE (F)   52        36      1894


SUNRISE AND SUNSET
APRIL 25 2018.........SUNRISE   607 AM PDT   SUNSET   729 PM PDT
APRIL 26 2018.........SUNRISE   606 AM PDT   SUNSET   730 PM PDT


-  INDICATES NEGATIVE NUMBERS.
R  INDICATES RECORD WAS SET OR TIED.
MM INDICATES DATA IS MISSING.
T  INDICATES TRACE AMOUNT.




$$
