000
CDUS42 KRAH 220654
CLIRDU


CLIMATE REPORT
NATIONAL WEATHER SERVICE RALEIGH NC
252 AM EDT SUN APR 22 2018


...................................

...THE RALEIGH-DURHAM INTL AIRPORT NC CLIMATE SUMMARY FOR APRIL 21 2018...

CLIMATE NORMAL PERIOD 1981 TO 2010
CLIMATE RECORD PERIOD 1887 TO 2018


WEATHER ITEM   OBSERVED TIME   RECORD YEAR NORMAL DEPARTURE LAST
                VALUE   (LST)  VALUE       VALUE  FROM      YEAR
                                                  NORMAL
..................................................................
TEMPERATURE (F)
 YESTERDAY
  MAXIMUM         68    514 PM  90    1985  74     -6       89
                                      1896
  MINIMUM         37    210 AM  28    1983  49    -12       63
                                      1956
  AVERAGE         53                        62     -9       76

PRECIPITATION (IN)
  YESTERDAY        0.00          1.21 1992   0.09  -0.09     0.21
  MONTH TO DATE    4.30                      2.10   2.20     1.10
  SINCE MAR 1      9.10                      6.21   2.89     4.23
  SINCE JAN 1     14.72                     12.94   1.78     8.66

SNOWFALL (IN)
  YESTERDAY        0.0           0.0         0.0    0.0      0.0
  MONTH TO DATE    T                         0.1   -0.1      0.0
  SINCE MAR 1      1.6                       0.6    1.0      0.3
  SINCE JUL 1      8.9                       6.1    2.8      0.8
  SNOW DEPTH       0

DEGREE DAYS
 HEATING
  YESTERDAY       12                         5      7        0
  MONTH TO DATE  190                       152     38       55
  SINCE MAR 1    778                       576    202      469
  SINCE JUL 1   3291                      3148    143     2442

 COOLING
  YESTERDAY        0                         2     -2       11
  MONTH TO DATE   14                        29    -15       65
  SINCE MAR 1     17                        40    -23       83
  SINCE JAN 1     39                        41     -2       91
..................................................................


WIND (MPH)
  HIGHEST WIND SPEED    14   HIGHEST WIND DIRECTION     E (80)
  HIGHEST GUST SPEED    MM   HIGHEST GUST DIRECTION    MM
  AVERAGE WIND SPEED     4.5


SKY COVER
  POSSIBLE SUNSHINE  MM
  AVERAGE SKY COVER 0.3


WEATHER CONDITIONS
 THE FOLLOWING WEATHER WAS RECORDED YESTERDAY.
  NO SIGNIFICANT WEATHER WAS OBSERVED.


RELATIVE HUMIDITY (PERCENT)
 HIGHEST    85           400 AM
 LOWEST     27           500 PM
 AVERAGE    56

..........................................................


THE RALEIGH-DURHAM INTL AIRPORT NC CLIMATE NORMALS FOR TODAY
                         NORMAL    RECORD    YEAR
 MAXIMUM TEMPERATURE (F)   74        92      1985
 MINIMUM TEMPERATURE (F)   50        32      1978


SUNRISE AND SUNSET
APRIL 22 2018.........SUNRISE   633 AM EDT   SUNSET   755 PM EDT
APRIL 23 2018.........SUNRISE   632 AM EDT   SUNSET   755 PM EDT


-  INDICATES NEGATIVE NUMBERS.
R  INDICATES RECORD WAS SET OR TIED.
MM INDICATES DATA IS MISSING.
T  INDICATES TRACE AMOUNT.

&&

CLIMATE REPORT NWS FORECAST OFFICE
NCSU CENTENNIAL CAMPUS
RALEIGH, NC

MAXIMUM TEMPERATURE...69

MINIMUM TEMPERATURE...40

PRECIPITATION...0.00

$$
