000
CDUS45 KRIW 250041
CLIRIW


CLIMATE REPORT
NATIONAL WEATHER SERVICE RIVERTON WY
637 PM MDT THU MAY 24 2018


...................................

...THE RIVERTON WY CLIMATE SUMMARY FOR MAY 24 2018...
VALID TODAY AS OF 0500 PM LOCAL TIME.

CLIMATE NORMAL PERIOD 1981 TO 2010
CLIMATE RECORD PERIOD 1995 TO 2018


WEATHER ITEM   OBSERVED TIME   RECORD YEAR NORMAL DEPARTURE LAST
                VALUE   (LST)  VALUE       VALUE  FROM      YEAR
                                                  NORMAL
..................................................................
TEMPERATURE (F)
 TODAY
  MAXIMUM         77        MM  81    2003  70      7       79
  MINIMUM         47        MM  28    2002  43      4       43
  AVERAGE         62                        56      6       61

PRECIPITATION (IN)
  TODAY            0.00          1.06 2015   0.06  -0.06      T
  MONTH TO DATE    2.03                      1.40   0.63     1.30
  SINCE MAR 1      4.02                      3.25   0.77     8.20
  SINCE JAN 1      5.18                      3.76   1.42    10.06

SNOWFALL (IN)
  TODAY            0.0                                       0.0
  MONTH TO DATE    0.0                                       4.2
  SINCE MAR 1     11.7                                      18.7
  SINCE JUL 1     48.3                                      66.4
  SNOW DEPTH       0

DEGREE DAYS
 HEATING
  TODAY            3                         9     -6        4
  MONTH TO DATE  244                       296    -52      299
  SINCE MAR 1   1779                      1838    -59     1630
  SINCE JUL 1   7575                      7692   -117     7504

 COOLING
  TODAY            0                         0      0        0
  MONTH TO DATE    0                         0      0        0
  SINCE MAR 1      0                         0      0        0
  SINCE JAN 1      0                         0      0        0
..................................................................


WIND (MPH)
  HIGHEST WIND SPEED    12   HIGHEST WIND DIRECTION    SW (240)
  HIGHEST GUST SPEED    17   HIGHEST GUST DIRECTION    SW (240)
  AVERAGE WIND SPEED     7.7


SKY COVER
  POSSIBLE SUNSHINE  MM
  AVERAGE SKY COVER 0.1


WEATHER CONDITIONS
 THE FOLLOWING WEATHER WAS RECORDED TODAY.
  NO SIGNIFICANT WEATHER WAS OBSERVED.


RELATIVE HUMIDITY (PERCENT)
 HIGHEST    86           400 AM
 LOWEST     31           400 PM
 AVERAGE    59

..........................................................


THE RIVERTON WY CLIMATE NORMALS FOR TOMORROW
                         NORMAL    RECORD    YEAR
 MAXIMUM TEMPERATURE (F)   70        86      2006
 MINIMUM TEMPERATURE (F)   43        33      2010


SUNRISE AND SUNSET
MAY 24 2018...........SUNRISE   542 AM MDT   SUNSET   840 PM MDT
MAY 25 2018...........SUNRISE   541 AM MDT   SUNSET   841 PM MDT


-  INDICATES NEGATIVE NUMBERS.
R  INDICATES RECORD WAS SET OR TIED.
MM INDICATES DATA IS MISSING.
T  INDICATES TRACE AMOUNT.




$$
