000
CDUS41 KRNK 242127
CLIRNK


CLIMATE REPORT
NATIONAL WEATHER SERVICE BLACKSBURG VA
525 PM EDT THU MAY 24 2018


...................................

...THE BLACKSBURG VA CLIMATE SUMMARY FOR MAY 24 2018...
VALID TODAY AS OF 0500 PM LOCAL TIME.

CLIMATE NORMAL PERIOD 1981 TO 2010
CLIMATE RECORD PERIOD 1952 TO 2018


WEATHER ITEM   OBSERVED RECORD YEAR NORMAL DEPARTURE LAST
                VALUE   VALUE       VALUE  FROM      YEAR
                                           NORMAL
...........................................................
TEMPERATURE (F)
 TODAY
  MAXIMUM         79     84    1994  73      6       59
  MINIMUM         57     31    1967  50      7       54
  AVERAGE         68                 62      6       57

PRECIPITATION (IN)
  TODAY            0.00   1.53 1998   0.16  -0.16     1.14
  MONTH TO DATE    3.99               3.23   0.76     5.91
  SINCE MAR 1     13.06              10.35   2.71    15.07
  SINCE JAN 1     19.33              16.24   3.09    20.85

SNOWFALL (IN)
  TODAY            0.0                                0.0
  MONTH TO DATE    0.0                                0.0
  SINCE MAR 1     23.9                                1.1
  SINCE JUL 1     31.3                                7.7
  SNOW DEPTH       0

DEGREE DAYS
 HEATING
  TODAY            0                  5     -5        8
  MONTH TO DATE   33                175   -142      146
  SINCE MAR 1   1329               1332     -3     1064
  SINCE JUL 1   4990               5380   -390     4156

 COOLING
  TODAY            3                  1      2        0
  MONTH TO DATE   59                 13     46       27
  SINCE MAR 1     59                 16     43       46
  SINCE JAN 1     60                 16     44       46
...........................................................


WIND (MPH)
  HIGHEST WIND SPEED     9   HIGHEST WIND DIRECTION     N (0)
  HIGHEST GUST SPEED    MM   HIGHEST GUST DIRECTION    MM
  AVERAGE WIND SPEED     4.7


SKY COVER
  AVERAGE SKY COVER 0.6


WEATHER CONDITIONS
 THE FOLLOWING WEATHER WAS RECORDED TODAY.
  FOG


RELATIVE HUMIDITY (PERCENT)
 HIGHEST    97           100 AM
 LOWEST     58           300 PM
 AVERAGE    78

..........................................................


THE BLACKSBURG VA CLIMATE NORMALS FOR TOMORROW
                         NORMAL    RECORD    YEAR
 MAXIMUM TEMPERATURE (F)   74        89      1953
 MINIMUM TEMPERATURE (F)   50        34      1967


SUNRISE AND SUNSET
MAY 24 2018...........SUNRISE   607 AM EDT   SUNSET   831 PM EDT
MAY 25 2018...........SUNRISE   606 AM EDT   SUNSET   831 PM EDT


-  INDICATES NEGATIVE NUMBERS.
R  INDICATES RECORD WAS SET OR TIED.
MM INDICATES DATA IS MISSING.
T  INDICATES TRACE AMOUNT.

REMARKS:
DUE TO MISSING TEMPERATURES FROM SEPTEMBER 8-10...THE HEATING DEGREE
DAY AND DEPARTURE FROM NORMAL WILL BE CALCULATED WITHOUT DATA FROM
THESE DATES.

$$

RAB
