000
CDUS46 KSGX 200031
CLISAN


CLIMATE REPORT
NATIONAL WEATHER SERVICE SAN DIEGO, CA
530 PM PDT THU APR 19 2018


...................................

...THE SAN DIEGO INTL AIRPORT CA CLIMATE SUMMARY FOR APRIL 19 2018...
VALID TODAY AS OF 0500 PM LOCAL TIME.

CLIMATE NORMAL PERIOD 1981 TO 2010
CLIMATE RECORD PERIOD 1874 TO 2018


WEATHER ITEM   OBSERVED TIME   RECORD YEAR NORMAL DEPARTURE LAST
                VALUE   (LST)  VALUE       VALUE  FROM      YEAR
                                                  NORMAL
..................................................................
TEMPERATURE (F)
 TODAY
  MAXIMUM         63    207 PM  91    2009  68     -5       72
  MINIMUM         55    933 AM  42    1880  56     -1       61
  AVERAGE         59                        62     -3       67

PRECIPITATION (IN)
  TODAY            0.01          0.70 1881   0.02  -0.01     0.00
  MONTH TO DATE    0.01                      0.58  -0.57     0.01
  SINCE OCT 1      3.19                      9.75  -6.56    11.71
  SINCE JAN 1      3.10                      6.64  -3.54     6.81

DEGREE DAYS
 HEATING
  TODAY            6                         3      3        0
  MONTH TO DATE   33                        80    -47       19
  SINCE MAR 1    156                       258   -102       95
  SINCE JUL 1    607                      1116   -509      687

 COOLING
  TODAY            0                         1     -1        2
  MONTH TO DATE   22                         1     21        9
  SINCE MAR 1     23                         6     17       20
  SINCE JAN 1     40                        11     29       20
..................................................................


WIND (MPH)
  RESULTANT WIND SPEED   9   RESULTANT WIND DIRECTION   W (290)
  HIGHEST WIND SPEED    18   HIGHEST WIND DIRECTION     W (290)
  HIGHEST GUST SPEED    24   HIGHEST GUST DIRECTION    NW (330)
  AVERAGE WIND SPEED    10.0


SKY COVER
  POSSIBLE SUNSHINE  MM
  AVERAGE SKY COVER 0.7


WEATHER CONDITIONS
 THE FOLLOWING WEATHER WAS RECORDED TODAY.
  LIGHT RAIN


RELATIVE HUMIDITY (PERCENT)
 HIGHEST    72          1200 AM
 LOWEST     52           100 PM
 AVERAGE    62

..........................................................


THE SAN DIEGO INTL AIRPORT CA CLIMATE NORMALS FOR TOMORROW
                         NORMAL    RECORD    YEAR
 MAXIMUM TEMPERATURE (F)   68        98      2009
 MINIMUM TEMPERATURE (F)   56        42      1896


SUNRISE AND SUNSET
APRIL 19 2018.........SUNRISE   614 AM PDT   SUNSET   722 PM PDT
APRIL 20 2018.........SUNRISE   613 AM PDT   SUNSET   722 PM PDT


-  INDICATES NEGATIVE NUMBERS.
R  INDICATES RECORD WAS SET OR TIED.
MM INDICATES DATA IS MISSING.
T  INDICATES TRACE AMOUNT.




$$
