000
CDUS41 KAKQ 250531
CLISBY


CLIMATE REPORT
NATIONAL WEATHER SERVICE WAKEFIELD, VA
130 AM EDT WED APR 25 2018


...................................

...THE SALISBURY MD CLIMATE SUMMARY FOR APRIL 24 2018...

CLIMATE NORMAL PERIOD 1981 TO 2010
CLIMATE RECORD PERIOD 1900 TO 2018


WEATHER ITEM   OBSERVED TIME   RECORD YEAR NORMAL DEPARTURE LAST
                VALUE   (LST)  VALUE       VALUE  FROM      YEAR
                                                  NORMAL
..................................................................
TEMPERATURE (F)
 YESTERDAY
  MAXIMUM         64    120 PM  91    1960  68     -4       57
  MINIMUM         44    150 AM  27    2003  45     -1       49
  AVERAGE         54                        56     -2       53

PRECIPITATION (IN)
  YESTERDAY        0.12          1.15 1995   0.11   0.01     0.29
  MONTH TO DATE    1.65                      2.94  -1.29     1.26
  SINCE MAR 1      4.69                      7.36  -2.67     5.89
  SINCE JAN 1     10.94                     14.32  -3.38    10.69

SNOWFALL (IN)
  YESTERDAY        0.0           T    1930   0.0    0.0
                                      1956
  MONTH TO DATE    T                         0.2   -0.2
  SINCE NOV 1     17.2                       9.3    7.9
  SINCE JUL 1     17.2                       9.3    7.9
  SNOW DEPTH       0

DEGREE DAYS
 HEATING
  YESTERDAY       11                         9      2       12
  MONTH TO DATE  353                       296     57      169
  SINCE MAR 1   1085                       926    159      793
  SINCE JUL 1   4132                      4231    -99     3544

 COOLING
  YESTERDAY        0                         1     -1        0
  MONTH TO DATE    8                        11     -3       28
  SINCE MAR 1      8                        13     -5       30
  SINCE JAN 1     12                        13     -1       30
..................................................................


WIND (MPH)
  HIGHEST WIND SPEED    24   HIGHEST WIND DIRECTION    SE (120)
  HIGHEST GUST SPEED    31   HIGHEST GUST DIRECTION    SE (120)
  AVERAGE WIND SPEED    11.9


SKY COVER
  POSSIBLE SUNSHINE  MM
  AVERAGE SKY COVER 0.3


WEATHER CONDITIONS
 THE FOLLOWING WEATHER WAS RECORDED YESTERDAY.
  LIGHT RAIN
  FOG


RELATIVE HUMIDITY (PERCENT)
 HIGHEST   100           800 PM
 LOWEST     60          1000 AM
 AVERAGE    80

..........................................................


THE SALISBURY MD CLIMATE NORMALS FOR TODAY
                         NORMAL    RECORD    YEAR
 MAXIMUM TEMPERATURE (F)   68        91      1960
                                             1915
 MINIMUM TEMPERATURE (F)   46        27      1956


SUNRISE AND SUNSET
APRIL 25 2018.........SUNRISE   613 AM EDT   SUNSET   748 PM EDT
APRIL 26 2018.........SUNRISE   611 AM EDT   SUNSET   749 PM EDT


-  INDICATES NEGATIVE NUMBERS.
R  INDICATES RECORD WAS SET OR TIED.
MM INDICATES DATA IS MISSING.
T  INDICATES TRACE AMOUNT.




$$
