000
CDUS46 KLOX 261245
CLISDB


CLIMATE REPORT
NATIONAL WEATHER SERVICE LOS ANGELES/OXNARD CA
545 AM PDT THU APR 26 2018


...................................

...THE SANDBERG CA CLIMATE SUMMARY FOR APRIL 25 2018...

CLIMATE NORMAL PERIOD 1981 TO 2010
CLIMATE RECORD PERIOD 1934 TO 2018


WEATHER ITEM   OBSERVED TIME   RECORD YEAR NORMAL DEPARTURE LAST
                VALUE   (LST)  VALUE       VALUE  FROM      YEAR
                                                  NORMAL
..................................................................
TEMPERATURE (F)
 YESTERDAY
  MAXIMUM         72    227 PM  80    1987  61     11       55
  MINIMUM         53    429 AM  27    1971  44      9       40
  AVERAGE         63                        52     11       48

PRECIPITATION (IN)
  YESTERDAY        0.00          1.41 1989   0.02  -0.02     0.04
  MONTH TO DATE    0.01                      0.56  -0.55     0.13
  SINCE OCT 1      6.67                     11.57  -4.90    12.73
  SINCE JAN 1      6.62                      7.94  -1.32     8.89

DEGREE DAYS
 HEATING
  YESTERDAY        2                        13    -11       17
  MONTH TO DATE  265                       385   -120      232
  SINCE MAR 1    854                       955   -101      563
  SINCE JUL 1   2453                      3714  -1261     2820

 COOLING
  YESTERDAY        0                         0      0        0
  MONTH TO DATE    2                         0      2        4
  SINCE MAR 1      2                         1      1       20
  SINCE JAN 1      4                         1      3       20
..................................................................


WIND (MPH)
  HIGHEST WIND SPEED    21   HIGHEST WIND DIRECTION     S (180)
  HIGHEST GUST SPEED    27   HIGHEST GUST DIRECTION     S (180)
  AVERAGE WIND SPEED    10.5


SKY COVER
  POSSIBLE SUNSHINE  MM
  AVERAGE SKY COVER 0.0


WEATHER CONDITIONS
 THE FOLLOWING WEATHER WAS RECORDED YESTERDAY.
  NO SIGNIFICANT WEATHER WAS OBSERVED.


RELATIVE HUMIDITY (PERCENT)
 HIGHEST    47           600 AM
 LOWEST     20          1100 AM
 AVERAGE    34

..........................................................


THE SANDBERG CA CLIMATE NORMALS FOR TODAY
                         NORMAL    RECORD    YEAR
 MAXIMUM TEMPERATURE (F)   61        83      2013
 MINIMUM TEMPERATURE (F)   44        26      1975


SUNRISE AND SUNSET
APRIL 26 2018.........SUNRISE   610 AM PDT   SUNSET   736 PM PDT
APRIL 27 2018.........SUNRISE   609 AM PDT   SUNSET   737 PM PDT


-  INDICATES NEGATIVE NUMBERS.
R  INDICATES RECORD WAS SET OR TIED.
MM INDICATES DATA IS MISSING.
T  INDICATES TRACE AMOUNT.




$$
