000
CDUS45 KBYZ 190936
CLISHR


CLIMATE REPORT
NATIONAL WEATHER SERVICE BILLINGS MT
335 AM MDT THU APR 19 2018


...................................

...THE SHERIDAN WY CLIMATE SUMMARY FOR APRIL 18 2018...

CLIMATE NORMAL PERIOD 1981 TO 2010
CLIMATE RECORD PERIOD 1907 TO 2018


WEATHER ITEM   OBSERVED TIME   RECORD YEAR NORMAL DEPARTURE LAST
                VALUE   (LST)  VALUE       VALUE  FROM      YEAR
                                                  NORMAL
..................................................................
TEMPERATURE (F)
 YESTERDAY
  MAXIMUM         54    347 PM  81    1946  58     -4       63
  MINIMUM         28    523 AM  13    2013  30     -2       33
  AVERAGE         41                        44     -3       48

PRECIPITATION (IN)
  YESTERDAY        0.00          1.08 1948   0.06  -0.06     0.00
  MONTH TO DATE    1.12                      0.82   0.30     0.39
  SINCE OCT 1      7.77                      5.58   2.19     9.25
  SINCE JAN 1      4.78                      2.90   1.88     5.52

DEGREE DAYS
 HEATING
  YESTERDAY       24                        21      3       17
  MONTH TO DATE  516                       414    102      330
  SINCE MAR 1   1520                      1338    182     1065
  SINCE JUL 1   7260                      6873    387     6587

 COOLING
  YESTERDAY        0                         0      0        0
  MONTH TO DATE    0                         0      0        0
  SINCE MAR 1      0                         0      0        0
  SINCE JAN 1      0                         0      0        0
..................................................................


WIND (MPH)
  HIGHEST WIND SPEED    20   HIGHEST WIND DIRECTION    NW (320)
  HIGHEST GUST SPEED    26   HIGHEST GUST DIRECTION    NW (320)
  AVERAGE WIND SPEED     7.4


SKY COVER
  POSSIBLE SUNSHINE  MM
  AVERAGE SKY COVER 0.1


WEATHER CONDITIONS
 THE FOLLOWING WEATHER WAS RECORDED YESTERDAY.
  NO SIGNIFICANT WEATHER WAS OBSERVED.


RELATIVE HUMIDITY (PERCENT)
 HIGHEST    75           500 AM
 LOWEST     28           300 PM
 AVERAGE    52

..........................................................


THE SHERIDAN WY CLIMATE NORMALS FOR TODAY
                         NORMAL    RECORD    YEAR
 MAXIMUM TEMPERATURE (F)   58        83      1962
 MINIMUM TEMPERATURE (F)   31         5      1966


SUNRISE AND SUNSET
APRIL 19 2018.........SUNRISE   617 AM MDT   SUNSET   758 PM MDT
APRIL 20 2018.........SUNRISE   615 AM MDT   SUNSET   759 PM MDT


-  INDICATES NEGATIVE NUMBERS.
R  INDICATES RECORD WAS SET OR TIED.
MM INDICATES DATA IS MISSING.
T  INDICATES TRACE AMOUNT.




$$
