269
CDUS44 KSJT 280221 RRA
CLISJT

CLIMATE REPORT
NATIONAL WEATHER SERVICE SAN ANGELO TX
545 PM CDT SUN MAY 27 2018


...................................

...THE SAN ANGELO CLIMATE SUMMARY FOR MAY 27 2018...
VALID TODAY AS OF 0500 PM LOCAL TIME.

CLIMATE NORMAL PERIOD 1981 TO 2010
CLIMATE RECORD PERIOD 1907 TO 2018


WEATHER ITEM   OBSERVED TIME   RECORD YEAR NORMAL DEPARTURE LAST
                VALUE   (LST)  VALUE       VALUE  FROM      YEAR
                                                  NORMAL
..................................................................
TEMPERATURE (F)
 TODAY
  MAXIMUM        103    256 PM 108    2011  89     14      105
  MINIMUM         73    614 AM  53    1961  65      8       73
  AVERAGE         88                        77     11       89

PRECIPITATION (IN)
  TODAY            0.00          1.24 2016   0.11  -0.11     0.00
  MONTH TO DATE    6.03                      2.38   3.65     2.06
  SINCE MAR 1      7.36                      5.30   2.06     3.77
  SINCE JAN 1      8.73                      7.58   1.15     6.48

DEGREE DAYS
 HEATING
  TODAY            0                         0      0        0
  MONTH TO DATE    1                         8     -7        9
  SINCE MAR 1    254                       353    -99      183
  SINCE JUL 1   2092                      2314   -222     1507

 COOLING
  TODAY           23                        12     11       24
  MONTH TO DATE  357                       253    104      240
  SINCE MAR 1    529                       404    125      514
  SINCE JAN 1    548                       409    139      541
..................................................................


WIND (MPH)
  HIGHEST WIND SPEED    16   HIGHEST WIND DIRECTION     S (170)
  HIGHEST GUST SPEED    25   HIGHEST GUST DIRECTION    SE (150)
  AVERAGE WIND SPEED     9.2


SKY COVER
  POSSIBLE SUNSHINE  MM
  AVERAGE SKY COVER 0.0


WEATHER CONDITIONS
 THE FOLLOWING WEATHER WAS RECORDED TODAY.
  NO SIGNIFICANT WEATHER WAS OBSERVED.


RELATIVE HUMIDITY (PERCENT)
 HIGHEST    74           700 AM
 LOWEST     23           300 PM
 AVERAGE    49

..........................................................


THE SAN ANGELO CLIMATE NORMALS FOR TOMORROW
                         NORMAL    RECORD    YEAR
 MAXIMUM TEMPERATURE (F)   89       110      2011
 MINIMUM TEMPERATURE (F)   66        51      1968


SUNRISE AND SUNSET
MAY 27 2018...........SUNRISE   640 AM CDT   SUNSET   839 PM CDT
MAY 28 2018...........SUNRISE   639 AM CDT   SUNSET   839 PM CDT


-  INDICATES NEGATIVE NUMBERS.
R  INDICATES RECORD WAS SET OR TIED.
MM INDICATES DATA IS MISSING.
T  INDICATES TRACE AMOUNT.




$$
